Last updated on 2025-11-04 05:51:09 CET.
| Flavor | Version | Tinstall | Tcheck | Ttotal | Status | Flags | 
|---|---|---|---|---|---|---|
| r-devel-linux-x86_64-debian-clang | 6.0.0 | 117.16 | 387.02 | 504.18 | NOTE | |
| r-devel-linux-x86_64-debian-gcc | 6.0.0 | 82.24 | 272.77 | 355.01 | NOTE | |
| r-devel-linux-x86_64-fedora-clang | 6.0.0 | 198.00 | 672.00 | 870.00 | OK | |
| r-devel-linux-x86_64-fedora-gcc | 6.0.0 | 202.00 | 644.83 | 846.83 | OK | |
| r-devel-windows-x86_64 | 6.0.0 | 164.00 | 355.00 | 519.00 | OK | |
| r-patched-linux-x86_64 | 6.0.0 | 120.66 | 381.23 | 501.89 | OK | |
| r-release-linux-x86_64 | 6.0.0 | 124.52 | 377.13 | 501.65 | OK | |
| r-release-macos-arm64 | 6.0.0 | 46.00 | 148.00 | 194.00 | OK | |
| r-release-macos-x86_64 | 6.0.0 | 55.00 | 396.00 | 451.00 | OK | |
| r-release-windows-x86_64 | 6.0.0 | 162.00 | 353.00 | 515.00 | OK | |
| r-oldrel-macos-arm64 | 6.0.0 | 25.00 | 93.00 | 118.00 | NOTE | |
| r-oldrel-macos-x86_64 | 6.0.0 | 28.00 | 153.00 | 181.00 | NOTE | |
| r-oldrel-windows-x86_64 | 6.0.0 | 192.00 | 454.00 | 646.00 | NOTE | 
Version: 6.0.0
Check: CRAN incoming feasibility
Result: NOTE
  Maintainer: ‘Alexis Sarda <alexis.sarda@gmail.com>’
  
  No Authors@R field in DESCRIPTION.
  Please add one, modifying
    Authors@R: c(person(given = "Alexis",
                        family = "Sarda-Espinosa",
                        role = "aut"),
                 person(given = "Alexis",
                        family = "Sarda",
                        role = "cre",
                        email = "alexis.sarda@gmail.com"))
  as necessary.
Flavors: r-devel-linux-x86_64-debian-clang, r-devel-linux-x86_64-debian-gcc
Version: 6.0.0
Check: installed package size
Result: NOTE
    installed size is  9.2Mb
    sub-directories of 1Mb or more:
      doc    2.1Mb
      libs   5.6Mb
Flavors: r-oldrel-macos-arm64, r-oldrel-macos-x86_64
Version: 6.0.0
Check: for GNU extensions in Makefiles
Result: NOTE
  GNU make is a SystemRequirements.
Flavors: r-oldrel-macos-arm64, r-oldrel-macos-x86_64, r-oldrel-windows-x86_64