CRAN Package Check Results for Package drugdevelopR

Last updated on 2025-04-29 06:49:40 CEST.

Flavor Version Tinstall Tcheck Ttotal Status Flags
r-devel-linux-x86_64-debian-clang 1.0.2 29.29 373.63 402.92 OK
r-devel-linux-x86_64-debian-gcc 1.0.2 18.17 232.07 250.24 NOTE
r-devel-linux-x86_64-fedora-clang 1.0.2 639.42 OK
r-devel-linux-x86_64-fedora-gcc 1.0.2 617.28 OK
r-devel-windows-x86_64 1.0.2 29.00 421.00 450.00 OK
r-patched-linux-x86_64 1.0.2 33.04 348.89 381.93 OK
r-release-linux-x86_64 1.0.2 29.76 350.49 380.25 OK
r-release-macos-arm64 1.0.2 266.00 OK
r-release-macos-x86_64 1.0.2 582.00 OK
r-release-windows-x86_64 1.0.2 31.00 433.00 464.00 OK
r-oldrel-macos-arm64 1.0.2 209.00 OK
r-oldrel-macos-x86_64 1.0.2 561.00 OK
r-oldrel-windows-x86_64 1.0.2 39.00 614.00 653.00 OK

Check Details

Version: 1.0.2
Check: examples
Result: NOTE Examples with CPU (user + system) or elapsed time > 5s user system elapsed EPsProg23 5.151 0.118 5.464 Flavor: r-devel-linux-x86_64-debian-gcc