Last updated on 2025-04-29 18:50:41 CEST.
Flavor | Version | Tinstall | Tcheck | Ttotal | Status | Flags |
---|---|---|---|---|---|---|
r-devel-linux-x86_64-debian-clang | 0.4.1 | 13.16 | 158.44 | 171.60 | NOTE | |
r-devel-linux-x86_64-debian-gcc | 0.4.1 | 8.51 | 118.63 | 127.14 | OK | |
r-devel-linux-x86_64-fedora-clang | 0.4.1 | 284.37 | OK | |||
r-devel-linux-x86_64-fedora-gcc | 0.4.1 | 270.02 | OK | |||
r-devel-windows-x86_64 | 0.4.1 | 16.00 | 154.00 | 170.00 | OK | |
r-patched-linux-x86_64 | 0.4.1 | 12.64 | 151.49 | 164.13 | OK | |
r-release-linux-x86_64 | 0.4.1 | 12.56 | 152.53 | 165.09 | OK | |
r-release-macos-arm64 | 0.4.1 | 5.00 | ERROR | |||
r-release-macos-x86_64 | 0.4.1 | 9.00 | ERROR | |||
r-release-windows-x86_64 | 0.4.1 | 13.00 | 158.00 | 171.00 | OK | |
r-oldrel-macos-arm64 | 0.4.1 | 10.00 | ERROR | |||
r-oldrel-macos-x86_64 | 0.4.1 | 15.00 | ERROR | |||
r-oldrel-windows-x86_64 | 0.4.1 | 18.00 | 205.00 | 223.00 | NOTE |
Version: 0.4.1
Check: examples
Result: NOTE
Examples with CPU (user + system) or elapsed time > 5s
user system elapsed
predict_coding_impact 4.263 0.246 7.405
Flavor: r-devel-linux-x86_64-debian-clang
Version: 0.4.1
Check: package dependencies
Result: ERROR
Packages required but not available:
'TxDb.Hsapiens.UCSC.hg19.knownGene',
'TxDb.Hsapiens.UCSC.hg38.knownGene', 'org.Hs.eg.db'
See section ‘The DESCRIPTION file’ in the ‘Writing R Extensions’
manual.
Flavor: r-release-macos-arm64
Version: 0.4.1
Check: package dependencies
Result: ERROR
Packages required but not available:
'TxDb.Hsapiens.UCSC.hg19.knownGene',
'TxDb.Hsapiens.UCSC.hg38.knownGene'
See section ‘The DESCRIPTION file’ in the ‘Writing R Extensions’
manual.
Flavors: r-release-macos-x86_64, r-oldrel-macos-arm64, r-oldrel-macos-x86_64
Version: 0.4.1
Check: installed package size
Result: NOTE
installed size is 5.3Mb
sub-directories of 1Mb or more:
data 1.6Mb
extdata 3.2Mb
Flavor: r-oldrel-windows-x86_64