Last updated on 2025-04-29 06:49:40 CEST.
Flavor | Version | Tinstall | Tcheck | Ttotal | Status | Flags |
---|---|---|---|---|---|---|
r-devel-linux-x86_64-debian-clang | 1.0.0 | 387.61 | 117.07 | 504.68 | OK | |
r-devel-linux-x86_64-debian-gcc | 1.1.0 | 316.18 | 117.72 | 433.90 | OK | |
r-devel-linux-x86_64-fedora-clang | 1.1.0 | 1036.87 | OK | |||
r-devel-linux-x86_64-fedora-gcc | 1.1.0 | 1256.18 | OK | |||
r-devel-windows-x86_64 | 1.1.0 | 378.00 | 184.00 | 562.00 | OK | |
r-patched-linux-x86_64 | 1.0.0 | 438.22 | 150.11 | 588.33 | OK | |
r-release-linux-x86_64 | 1.1.0 | 443.65 | 158.37 | 602.02 | OK | |
r-release-macos-arm64 | 1.1.0 | 192.00 | OK | |||
r-release-macos-x86_64 | 1.1.0 | 267.00 | OK | |||
r-release-windows-x86_64 | 1.1.0 | 411.00 | 187.00 | 598.00 | OK | |
r-oldrel-macos-arm64 | 1.1.0 | 209.00 | NOTE | |||
r-oldrel-macos-x86_64 | 1.1.0 | 268.00 | NOTE | |||
r-oldrel-windows-x86_64 | 1.1.0 | 268.00 | 213.00 | 481.00 | NOTE |
Version: 1.1.0
Check: installed package size
Result: NOTE
installed size is 51.6Mb
sub-directories of 1Mb or more:
data 2.8Mb
libs 47.8Mb
Flavors: r-oldrel-macos-arm64, r-oldrel-macos-x86_64, r-oldrel-windows-x86_64