Last updated on 2025-04-29 06:49:40 CEST.
Flavor | Version | Tinstall | Tcheck | Ttotal | Status | Flags |
---|---|---|---|---|---|---|
r-devel-linux-x86_64-debian-clang | 0.5.0 | 8.08 | 1029.19 | 1037.27 | OK | |
r-devel-linux-x86_64-debian-gcc | 0.5.0 | 4.46 | 724.39 | 728.85 | NOTE | |
r-devel-linux-x86_64-fedora-clang | 0.5.0 | 1329.47 | OK | |||
r-devel-linux-x86_64-fedora-gcc | 0.5.0 | 1076.42 | OK | |||
r-devel-windows-x86_64 | 0.5.0 | 8.00 | 479.00 | 487.00 | OK | |
r-patched-linux-x86_64 | 0.5.0 | 7.89 | 672.82 | 680.71 | OK | |
r-release-linux-x86_64 | 0.5.0 | 5.23 | 665.52 | 670.75 | OK | |
r-release-macos-arm64 | 0.5.0 | 220.00 | OK | |||
r-release-macos-x86_64 | 0.5.0 | 481.00 | OK | |||
r-release-windows-x86_64 | 0.5.0 | 10.00 | 450.00 | 460.00 | OK | |
r-oldrel-macos-arm64 | 0.5.0 | 176.00 | NOTE | |||
r-oldrel-macos-x86_64 | 0.5.0 | 317.00 | NOTE | |||
r-oldrel-windows-x86_64 | 0.5.0 | 12.00 | 645.00 | 657.00 | OK |
Version: 0.5.0
Check: examples
Result: NOTE
Examples with CPU (user + system) or elapsed time > 5s
user system elapsed
shuffle_with_constraints 10.730 0.048 8.759
complete_random_shuffling 7.426 0.132 6.351
optimize_design 7.130 0.077 6.148
mk_swapping_function 7.155 0.045 5.588
mk_subgroup_shuffling_function 5.396 0.071 5.213
Flavor: r-devel-linux-x86_64-debian-gcc
Version: 0.5.0
Check: package dependencies
Result: NOTE
Package suggested but not available for checking: ‘OSAT’
Flavors: r-oldrel-macos-arm64, r-oldrel-macos-x86_64