Last updated on 2025-04-29 18:50:40 CEST.
Flavor | Version | Tinstall | Tcheck | Ttotal | Status | Flags |
---|---|---|---|---|---|---|
r-devel-linux-x86_64-debian-clang | 1.2.13 | 33.88 | 244.13 | 278.01 | NOTE | |
r-devel-linux-x86_64-debian-gcc | 1.2.13 | 21.45 | 167.60 | 189.05 | NOTE | |
r-devel-linux-x86_64-fedora-clang | 1.2.13 | 408.03 | OK | |||
r-devel-linux-x86_64-fedora-gcc | 1.2.13 | 397.75 | OK | |||
r-devel-windows-x86_64 | 1.2.13 | 31.00 | 183.00 | 214.00 | OK | --no-vignettes |
r-patched-linux-x86_64 | 1.2.13 | 32.62 | 225.41 | 258.03 | OK | |
r-release-linux-x86_64 | 1.2.13 | 31.48 | 229.75 | 261.23 | OK | |
r-release-macos-arm64 | 1.2.13 | 106.00 | OK | |||
r-release-macos-x86_64 | 1.2.13 | 237.00 | OK | |||
r-release-windows-x86_64 | 1.2.13 | 33.00 | 186.00 | 219.00 | OK | --no-vignettes |
r-oldrel-macos-arm64 | 1.2.13 | 112.00 | OK | |||
r-oldrel-macos-x86_64 | 1.2.13 | 157.00 | OK | |||
r-oldrel-windows-x86_64 | 1.2.13 | 44.00 | 224.00 | 268.00 | OK | --no-vignettes |
Version: 1.2.13
Check: CRAN incoming feasibility
Result: NOTE
Maintainer: ‘Jernej Jevsenak <jernej.jevsenak@gmail.com>’
No Authors@R field in DESCRIPTION.
Please add one, modifying
Authors@R: person(given = "Jernej",
family = "Jevsenak",
role = c("aut", "cre"),
email = "jernej.jevsenak@gmail.com")
as necessary.
Flavors: r-devel-linux-x86_64-debian-clang, r-devel-linux-x86_64-debian-gcc