Last updated on 2025-04-29 18:50:40 CEST.
Flavor | Version | Tinstall | Tcheck | Ttotal | Status | Flags |
---|---|---|---|---|---|---|
r-devel-linux-x86_64-debian-clang | 1.1.737 | 20.56 | 158.50 | 179.06 | NOTE | |
r-devel-linux-x86_64-debian-gcc | 1.1.737 | 15.31 | 111.68 | 126.99 | OK | |
r-devel-linux-x86_64-fedora-clang | 1.1.747 | 284.76 | OK | |||
r-devel-linux-x86_64-fedora-gcc | 1.1.747 | 265.13 | OK | |||
r-devel-windows-x86_64 | 1.1.747 | 20.00 | 200.00 | 220.00 | OK | |
r-patched-linux-x86_64 | 1.1.737 | 20.95 | 144.66 | 165.61 | OK | |
r-release-linux-x86_64 | 1.1.737 | 17.31 | 142.82 | 160.13 | OK | |
r-release-macos-arm64 | 1.1.747 | 78.00 | OK | |||
r-release-macos-x86_64 | 1.1.747 | 166.00 | OK | |||
r-release-windows-x86_64 | 1.1.737 | 21.00 | 189.00 | 210.00 | OK | |
r-oldrel-macos-arm64 | 1.1.747 | 75.00 | OK | |||
r-oldrel-macos-x86_64 | 1.1.747 | 173.00 | OK | |||
r-oldrel-windows-x86_64 | 1.1.737 | 27.00 | 241.00 | 268.00 | OK |
Version: 1.1.737
Check: examples
Result: NOTE
Examples with CPU (user + system) or elapsed time > 5s
user system elapsed
reg_tune 5.302 0.017 7.577
Flavor: r-devel-linux-x86_64-debian-clang