CRAN Package Check Results for Package curveDepth

Last updated on 2025-04-29 18:50:40 CEST.

Flavor Version Tinstall Tcheck Ttotal Status Flags
r-devel-linux-x86_64-debian-clang 0.1.0.9 36.50 28.44 64.94 NOTE
r-devel-linux-x86_64-debian-gcc 0.1.0.9 26.57 22.76 49.33 NOTE
r-devel-linux-x86_64-fedora-clang 0.1.0.9 123.05 NOTE
r-devel-linux-x86_64-fedora-gcc 0.1.0.9 116.77 NOTE
r-devel-windows-x86_64 0.1.0.9 46.00 66.00 112.00 NOTE
r-patched-linux-x86_64 0.1.0.9 36.71 27.27 63.98 NOTE
r-release-linux-x86_64 0.1.0.9 37.88 27.49 65.37 NOTE
r-release-macos-arm64 0.1.0.9 34.00 NOTE
r-release-macos-x86_64 0.1.0.9 43.00 NOTE
r-release-windows-x86_64 0.1.0.9 45.00 68.00 113.00 NOTE
r-oldrel-macos-arm64 0.1.0.9 32.00 NOTE
r-oldrel-macos-x86_64 0.1.0.9 38.00 NOTE
r-oldrel-windows-x86_64 0.1.0.9 51.00 76.00 127.00 NOTE

Check Details

Version: 0.1.0.9
Check: CRAN incoming feasibility
Result: NOTE Maintainer: ‘Pavlo Mozharovskyi <pavlo.mozharovskyi@telecom-paristech.fr>’ The Description field contains (2019) <arXiv:1901.00180>. Please refer to arXiv e-prints via their arXiv DOI <doi:10.48550/arXiv.YYMM.NNNNN>. Flavors: r-devel-linux-x86_64-debian-clang, r-devel-linux-x86_64-debian-gcc

Version: 0.1.0.9
Check: C++ specification
Result: NOTE Specified C++11: please drop specification unless essential Flavors: r-devel-linux-x86_64-debian-clang, r-devel-linux-x86_64-debian-gcc, r-devel-linux-x86_64-fedora-clang, r-devel-linux-x86_64-fedora-gcc, r-devel-windows-x86_64, r-patched-linux-x86_64, r-release-linux-x86_64, r-release-macos-arm64, r-release-macos-x86_64, r-release-windows-x86_64, r-oldrel-macos-arm64, r-oldrel-macos-x86_64, r-oldrel-windows-x86_64