Last updated on 2025-04-29 06:49:39 CEST.
Flavor | Version | Tinstall | Tcheck | Ttotal | Status | Flags |
---|---|---|---|---|---|---|
r-devel-linux-x86_64-debian-clang | 2.0.6 | 12.04 | 99.84 | 111.88 | OK | |
r-devel-linux-x86_64-debian-gcc | 2.0.6 | 7.78 | 73.98 | 81.76 | NOTE | |
r-devel-linux-x86_64-fedora-clang | 2.0.6 | 176.30 | OK | |||
r-devel-linux-x86_64-fedora-gcc | 2.0.6 | 185.23 | OK | |||
r-devel-windows-x86_64 | 2.0.6 | 16.00 | 124.00 | 140.00 | OK | |
r-patched-linux-x86_64 | 2.0.6 | 10.86 | 100.02 | 110.88 | OK | |
r-release-linux-x86_64 | 2.0.6 | 11.88 | 98.78 | 110.66 | OK | |
r-release-macos-arm64 | 2.0.6 | 78.00 | OK | |||
r-release-macos-x86_64 | 2.0.6 | 110.00 | OK | |||
r-release-windows-x86_64 | 2.0.6 | 15.00 | 127.00 | 142.00 | OK | |
r-oldrel-macos-arm64 | 2.0.6 | 59.00 | OK | |||
r-oldrel-macos-x86_64 | 2.0.6 | 163.00 | OK | |||
r-oldrel-windows-x86_64 | 2.0.6 | 19.00 | 144.00 | 163.00 | OK |
Version: 2.0.6
Check: examples
Result: NOTE
Examples with CPU (user + system) or elapsed time > 5s
user system elapsed
crqa-package 4.181 0.382 5.202
Flavor: r-devel-linux-x86_64-debian-gcc