Last updated on 2025-05-02 06:49:31 CEST.
Flavor | Version | Tinstall | Tcheck | Ttotal | Status | Flags |
---|---|---|---|---|---|---|
r-devel-linux-x86_64-debian-clang | 1.0.6 | 22.41 | 200.54 | 222.95 | NOTE | --no-vignettes |
r-devel-linux-x86_64-debian-gcc | 1.0.6 | 13.95 | 135.98 | 149.93 | OK | --no-vignettes |
r-devel-linux-x86_64-fedora-clang | 1.0.6 | 763.71 | OK | |||
r-devel-linux-x86_64-fedora-gcc | 1.0.6 | 739.12 | OK | |||
r-devel-windows-x86_64 | 1.0.6 | 24.00 | 266.00 | 290.00 | OK | --no-vignettes |
r-patched-linux-x86_64 | 1.0.6 | 24.61 | 195.84 | 220.45 | OK | --no-vignettes |
r-release-linux-x86_64 | OK | --no-vignettes | ||||
r-release-macos-arm64 | 1.0.6 | 220.00 | OK | |||
r-release-macos-x86_64 | 1.0.6 | 402.00 | OK | |||
r-release-windows-x86_64 | 1.0.6 | 26.00 | 267.00 | 293.00 | OK | --no-vignettes |
r-oldrel-macos-arm64 | 1.0.6 | 196.00 | OK | |||
r-oldrel-macos-x86_64 | 1.0.6 | 543.00 | OK | |||
r-oldrel-windows-x86_64 | 1.0.6 | 29.00 | 302.00 | 331.00 | OK | --no-vignettes |
Version: 1.0.6
Flags: --no-vignettes
Check: examples
Result: NOTE
Examples with CPU (user + system) or elapsed time > 5s
user system elapsed
examine 7.758 0.085 9.101
stopTrial 5.984 0.012 7.048
summary-PseudoDualSimulations-method 5.607 0.001 7.712
show-PseudoDualSimulationsSummary-method 5.475 0.044 6.180
plot-PseudoDualSimulations-missing-method 5.066 0.016 5.536
Flavor: r-devel-linux-x86_64-debian-clang