CRAN Package Check Results for Package countts

Last updated on 2025-04-29 18:50:39 CEST.

Flavor Version Tinstall Tcheck Ttotal Status Flags
r-devel-linux-x86_64-debian-clang 0.1.0 6.47 52.60 59.07 NOTE
r-devel-linux-x86_64-debian-gcc 0.1.0 4.30 37.39 41.69 NOTE
r-devel-linux-x86_64-fedora-clang 0.1.0 84.48 OK
r-devel-linux-x86_64-fedora-gcc 0.1.0 79.73 OK
r-devel-windows-x86_64 0.1.0 7.00 64.00 71.00 OK
r-patched-linux-x86_64 0.1.0 5.33 49.57 54.90 OK
r-release-linux-x86_64 0.1.0 5.74 49.58 55.32 OK
r-release-macos-arm64 0.1.0 32.00 OK
r-release-macos-x86_64 0.1.0 47.00 OK
r-release-windows-x86_64 0.1.0 8.00 68.00 76.00 OK
r-oldrel-macos-arm64 0.1.0 27.00 OK
r-oldrel-macos-x86_64 0.1.0 44.00 OK
r-oldrel-windows-x86_64 0.1.0 10.00 80.00 90.00 OK

Check Details

Version: 0.1.0
Check: CRAN incoming feasibility
Result: NOTE Maintainer: ‘Tanujit Chakraborty <tanujitisi@gmail.com>’ The Description field contains is based on the algorithms by Liu et al. (2023) <arXiv:2311.14359>. Please refer to arXiv e-prints via their arXiv DOI <doi:10.48550/arXiv.YYMM.NNNNN>. Flavors: r-devel-linux-x86_64-debian-clang, r-devel-linux-x86_64-debian-gcc

Version: 0.1.0
Check: examples
Result: NOTE Examples with CPU (user + system) or elapsed time > 5s user system elapsed output_summary 7.945 0.165 10.929 Flavor: r-devel-linux-x86_64-debian-clang

Version: 0.1.0
Check: examples
Result: NOTE Examples with CPU (user + system) or elapsed time > 5s user system elapsed output_summary 4.256 0.057 5.248 Flavor: r-devel-linux-x86_64-debian-gcc