Last updated on 2025-07-27 18:51:17 CEST.
Flavor | Version | Tinstall | Tcheck | Ttotal | Status | Flags |
---|---|---|---|---|---|---|
r-devel-linux-x86_64-debian-clang | 0.9.5 | 38.94 | 26.71 | 65.65 | NOTE | |
r-devel-linux-x86_64-debian-gcc | 0.9.5 | 27.07 | 21.29 | 48.36 | NOTE | |
r-devel-linux-x86_64-fedora-clang | 0.9.5 | 117.04 | OK | |||
r-devel-linux-x86_64-fedora-gcc | 0.9.5 | 116.85 | OK | |||
r-devel-windows-x86_64 | 0.9.5 | 44.00 | 75.00 | 119.00 | NOTE | |
r-patched-linux-x86_64 | 0.9.5 | 37.91 | 24.55 | 62.46 | NOTE | |
r-release-linux-x86_64 | 0.9.5 | 38.46 | 24.29 | 62.75 | NOTE | |
r-release-macos-arm64 | 0.9.5 | 32.00 | OK | |||
r-release-macos-x86_64 | 0.9.5 | 44.00 | OK | |||
r-release-windows-x86_64 | 0.9.5 | 44.00 | 65.00 | 109.00 | NOTE | |
r-oldrel-macos-arm64 | 0.9.5 | 32.00 | OK | |||
r-oldrel-macos-x86_64 | 0.9.5 | 39.00 | OK | |||
r-oldrel-windows-x86_64 | 0.9.5 | 42.00 | 75.00 | 117.00 | OK |
Version: 0.9.5
Check: Rd cross-references
Result: NOTE
Found the following Rd file(s) with Rd \link{} targets missing package
anchors:
CoreCollection.Rd: R6Class
dot-CoreCollectionClass.Rd: R6Class
Please provide package anchors for all Rd \link{} targets not in the
package itself and the base packages.
Flavors: r-devel-linux-x86_64-debian-clang, r-devel-linux-x86_64-debian-gcc, r-devel-windows-x86_64, r-patched-linux-x86_64, r-release-linux-x86_64, r-release-windows-x86_64