Last updated on 2025-05-01 06:49:29 CEST.
Flavor | Version | Tinstall | Tcheck | Ttotal | Status | Flags |
---|---|---|---|---|---|---|
r-devel-linux-x86_64-debian-clang | 0.0.1 | 4.16 | 53.84 | 58.00 | NOTE | |
r-devel-linux-x86_64-debian-gcc | 0.0.1 | 3.13 | 39.23 | 42.36 | OK | |
r-devel-linux-x86_64-fedora-clang | 0.0.1 | 91.72 | OK | |||
r-devel-linux-x86_64-fedora-gcc | 0.0.1 | 98.79 | OK | |||
r-devel-windows-x86_64 | 0.0.1 | 5.00 | 72.00 | 77.00 | OK | |
r-patched-linux-x86_64 | 0.0.1 | 4.37 | 50.30 | 54.67 | OK | |
r-release-linux-x86_64 | 0.0.1 | 4.24 | 50.34 | 54.58 | OK | |
r-release-macos-arm64 | 0.0.1 | 42.00 | OK | |||
r-release-macos-x86_64 | 0.0.1 | 64.00 | OK | |||
r-release-windows-x86_64 | 0.0.1 | 5.00 | 74.00 | 79.00 | OK | |
r-oldrel-macos-arm64 | 0.0.1 | 36.00 | OK | |||
r-oldrel-macos-x86_64 | 0.0.1 | 70.00 | OK | |||
r-oldrel-windows-x86_64 | 0.0.1 | 7.00 | 80.00 | 87.00 | OK |
Version: 0.0.1
Check: examples
Result: NOTE
Examples with CPU (user + system) or elapsed time > 5s
user system elapsed
copula.sim 3.687 0.071 5.444
Flavor: r-devel-linux-x86_64-debian-clang