Last updated on 2025-04-29 18:50:39 CEST.
Flavor | Version | Tinstall | Tcheck | Ttotal | Status | Flags |
---|---|---|---|---|---|---|
r-devel-linux-x86_64-debian-clang | 0.4-4 | 8.81 | 86.51 | 95.32 | NOTE | |
r-devel-linux-x86_64-debian-gcc | 0.4-4 | 7.85 | 63.42 | 71.27 | NOTE | |
r-devel-linux-x86_64-fedora-clang | 0.4-4 | 152.61 | OK | |||
r-devel-linux-x86_64-fedora-gcc | 0.4-4 | 159.34 | OK | |||
r-devel-windows-x86_64 | 0.4-4 | 14.00 | 127.00 | 141.00 | OK | |
r-patched-linux-x86_64 | 0.4-4 | 9.39 | 83.37 | 92.76 | OK | |
r-release-linux-x86_64 | 0.4-4 | 8.73 | 82.75 | 91.48 | OK | |
r-release-macos-arm64 | 0.4-4 | 63.00 | OK | |||
r-release-macos-x86_64 | 0.4-4 | 110.00 | OK | |||
r-release-windows-x86_64 | 0.4-4 | 14.00 | 127.00 | 141.00 | OK | |
r-oldrel-macos-arm64 | 0.4-4 | 53.00 | OK | |||
r-oldrel-macos-x86_64 | 0.4-4 | 84.00 | OK | |||
r-oldrel-windows-x86_64 | 0.4-4 | 16.00 | 139.00 | 155.00 | OK |
Version: 0.4-4
Check: CRAN incoming feasibility
Result: NOTE
Maintainer: ‘Emmanuel Paradis <Emmanuel.Paradis@ird.fr>’
Package CITATION file contains call(s) to old-style personList() or
as.personList(). Please use c() on person objects instead.
Package CITATION file contains call(s) to old-style citEntry(). Please
use bibentry() instead.
Flavors: r-devel-linux-x86_64-debian-clang, r-devel-linux-x86_64-debian-gcc