Last updated on 2025-11-04 05:51:07 CET.
| Flavor | Version | Tinstall | Tcheck | Ttotal | Status | Flags | 
|---|---|---|---|---|---|---|
| r-devel-linux-x86_64-debian-clang | 0.2.2 | 7.53 | 55.43 | 62.96 | NOTE | |
| r-devel-linux-x86_64-debian-gcc | 0.2.2 | 4.49 | 41.57 | 46.06 | NOTE | |
| r-devel-linux-x86_64-fedora-clang | 0.2.2 | 12.00 | 81.75 | 93.75 | OK | |
| r-devel-linux-x86_64-fedora-gcc | 0.2.2 | 22.00 | 72.03 | 94.03 | OK | |
| r-devel-windows-x86_64 | 0.2.2 | 8.00 | 65.00 | 73.00 | OK | |
| r-patched-linux-x86_64 | 0.2.2 | 5.31 | 52.56 | 57.87 | OK | |
| r-release-linux-x86_64 | 0.2.2 | 6.40 | 52.91 | 59.31 | OK | |
| r-release-macos-arm64 | 0.2.2 | 3.00 | 33.00 | 36.00 | OK | |
| r-release-macos-x86_64 | 0.2.2 | 6.00 | 55.00 | 61.00 | OK | |
| r-release-windows-x86_64 | 0.2.2 | 7.00 | 65.00 | 72.00 | OK | |
| r-oldrel-macos-arm64 | 0.2.2 | 4.00 | 30.00 | 34.00 | OK | |
| r-oldrel-macos-x86_64 | 0.2.2 | 5.00 | 41.00 | 46.00 | OK | |
| r-oldrel-windows-x86_64 | 0.2.2 | 10.00 | 80.00 | 90.00 | OK | 
Version: 0.2.2
Check: CRAN incoming feasibility
Result: NOTE
  Maintainer: ‘Anh Tuan Bui <atbui@u.northwestern.edu>’
  
  No Authors@R field in DESCRIPTION.
  Please add one, modifying
    Authors@R: person(given = c("Anh", "Tuan"),
                      family = "Bui",
                      role = c("aut", "cre"),
                      email = "atbui@u.northwestern.edu")
  as necessary.
  
  The Description field contains
    (2021) <arXiv:2111.13646> or closed-form solution in Bui (2022)
    (2021) <arXiv:2111.13646>.
  Please refer to arXiv e-prints via their arXiv DOI <doi:10.48550/arXiv.YYMM.NNNNN>.
Flavors: r-devel-linux-x86_64-debian-clang, r-devel-linux-x86_64-debian-gcc