Last updated on 2025-04-29 18:50:38 CEST.
Flavor | Version | Tinstall | Tcheck | Ttotal | Status | Flags |
---|---|---|---|---|---|---|
r-devel-linux-x86_64-debian-clang | 1.0.2 | 8.59 | 159.09 | 167.68 | NOTE | |
r-devel-linux-x86_64-debian-gcc | 1.0.2 | 5.28 | 101.97 | 107.25 | NOTE | |
r-devel-linux-x86_64-fedora-clang | 1.0.2 | 248.63 | OK | |||
r-devel-linux-x86_64-fedora-gcc | 1.0.2 | 233.84 | OK | |||
r-devel-windows-x86_64 | 1.0.2 | 11.00 | 166.00 | 177.00 | NOTE | |
r-patched-linux-x86_64 | 1.0.2 | 7.34 | 149.53 | 156.87 | NOTE | |
r-release-linux-x86_64 | 1.0.2 | 8.72 | 149.70 | 158.42 | NOTE | |
r-release-macos-arm64 | 1.0.2 | 72.00 | OK | |||
r-release-macos-x86_64 | 1.0.2 | 137.00 | OK | |||
r-release-windows-x86_64 | 1.0.2 | 11.00 | 168.00 | 179.00 | NOTE | |
r-oldrel-macos-arm64 | 1.0.2 | 69.00 | OK | |||
r-oldrel-macos-x86_64 | 1.0.2 | 105.00 | OK | |||
r-oldrel-windows-x86_64 | 1.0.2 | 13.00 | 219.00 | 232.00 | OK |
Version: 1.0.2
Check: Rd cross-references
Result: NOTE
Found the following Rd file(s) with Rd \link{} targets missing package
anchors:
cpt.geo-class.Rd: ggplot2
data.set.Rd: data.set-methods
data.set_-.Rd: data.set<--methods
pen.value.Rd: pen.value-methods
pen.value_-.Rd: pen.value<--methods
test.stat.Rd: test.stat-methods
test.stat_-.Rd: test.stat<--methods
Please provide package anchors for all Rd \link{} targets not in the
package itself and the base packages.
Flavors: r-devel-linux-x86_64-debian-clang, r-devel-linux-x86_64-debian-gcc, r-devel-windows-x86_64, r-patched-linux-x86_64, r-release-linux-x86_64, r-release-windows-x86_64