Last updated on 2025-04-30 06:51:13 CEST.
Flavor | Version | Tinstall | Tcheck | Ttotal | Status | Flags |
---|---|---|---|---|---|---|
r-devel-linux-x86_64-debian-clang | 1.1.6 | 3.57 | 161.14 | 164.71 | NOTE | |
r-devel-linux-x86_64-debian-gcc | 1.1.6 | 2.73 | 89.83 | 92.56 | OK | |
r-devel-linux-x86_64-fedora-clang | 1.1.6 | 249.59 | OK | |||
r-devel-linux-x86_64-fedora-gcc | 1.1.6 | 255.14 | OK | |||
r-devel-windows-x86_64 | 1.1.6 | 6.00 | 164.00 | 170.00 | OK | |
r-patched-linux-x86_64 | 1.1.6 | 4.69 | 153.84 | 158.53 | OK | |
r-release-linux-x86_64 | 1.1.6 | 3.81 | 150.40 | 154.21 | OK | |
r-release-macos-arm64 | 1.1.6 | 73.00 | OK | |||
r-release-macos-x86_64 | 1.1.6 | 190.00 | OK | |||
r-release-windows-x86_64 | 1.1.6 | 5.00 | 159.00 | 164.00 | OK | |
r-oldrel-macos-arm64 | 1.1.6 | 69.00 | OK | |||
r-oldrel-macos-x86_64 | 1.1.6 | 126.00 | OK | |||
r-oldrel-windows-x86_64 | 1.1.6 | 6.00 | 210.00 | 216.00 | OK |
Version: 1.1.6
Check: examples
Result: NOTE
Examples with CPU (user + system) or elapsed time > 5s
user system elapsed
confint.chandwich 5.701 0.038 8.841
Flavor: r-devel-linux-x86_64-debian-clang