Last updated on 2025-11-04 13:50:11 CET.
| Flavor | Version | Tinstall | Tcheck | Ttotal | Status | Flags |
|---|---|---|---|---|---|---|
| r-devel-linux-x86_64-debian-clang | 2.0.0 | 44.97 | 74.87 | 119.84 | OK | |
| r-devel-linux-x86_64-debian-gcc | 2.0.0 | 34.72 | 58.72 | 93.44 | OK | |
| r-devel-linux-x86_64-fedora-clang | 2.0.0 | 86.00 | 108.17 | 194.17 | OK | |
| r-devel-linux-x86_64-fedora-gcc | 2.0.0 | 233.00 | -18.93 | 214.07 | OK | |
| r-devel-windows-x86_64 | 2.0.0 | 53.00 | 103.00 | 156.00 | OK | |
| r-patched-linux-x86_64 | 2.0.0 | 50.27 | 74.23 | 124.50 | OK | |
| r-release-linux-x86_64 | 2.0.0 | 48.51 | 73.75 | 122.26 | OK | |
| r-release-macos-arm64 | 2.0.0 | 23.00 | 34.00 | 57.00 | OK | |
| r-release-macos-x86_64 | 2.0.0 | 39.00 | 69.00 | 108.00 | OK | |
| r-release-windows-x86_64 | 2.0.0 | 53.00 | 106.00 | 159.00 | OK | |
| r-oldrel-macos-arm64 | 2.0.0 | 18.00 | 32.00 | 50.00 | NOTE | |
| r-oldrel-macos-x86_64 | 2.0.0 | 28.00 | 49.00 | 77.00 | NOTE | |
| r-oldrel-windows-x86_64 | 2.0.0 | 60.00 | 128.00 | 188.00 | OK |
Version: 2.0.0
Check: installed package size
Result: NOTE
installed size is 17.5Mb
sub-directories of 1Mb or more:
libs 17.3Mb
Flavors: r-oldrel-macos-arm64, r-oldrel-macos-x86_64