Last updated on 2025-04-29 18:50:38 CEST.
Flavor | Version | Tinstall | Tcheck | Ttotal | Status | Flags |
---|---|---|---|---|---|---|
r-devel-linux-x86_64-debian-clang | 3.17 | 7.35 | 68.15 | 75.50 | NOTE | |
r-devel-linux-x86_64-debian-gcc | 3.17 | 4.64 | 43.01 | 47.65 | NOTE | |
r-devel-linux-x86_64-fedora-clang | 3.17 | 116.74 | OK | |||
r-devel-linux-x86_64-fedora-gcc | 3.17 | 111.14 | OK | |||
r-devel-windows-x86_64 | 3.17 | 7.00 | 83.00 | 90.00 | OK | |
r-patched-linux-x86_64 | 3.17 | 9.20 | 64.10 | 73.30 | OK | |
r-release-linux-x86_64 | 3.17 | 7.86 | 62.28 | 70.14 | OK | |
r-release-macos-arm64 | 3.17 | 32.00 | OK | |||
r-release-macos-x86_64 | 3.17 | 57.00 | OK | |||
r-release-windows-x86_64 | 3.17 | 8.00 | 85.00 | 93.00 | OK | |
r-oldrel-macos-arm64 | 3.17 | 35.00 | OK | |||
r-oldrel-macos-x86_64 | 3.17 | 45.00 | OK | |||
r-oldrel-windows-x86_64 | 3.17 | 8.00 | 78.00 | 86.00 | OK |
Version: 3.17
Check: CRAN incoming feasibility
Result: NOTE
Maintainer: ‘Cheng Hua <chuabest@gmail.com>’
No Authors@R field in DESCRIPTION.
Please add one, modifying
Authors@R: c(person(given = "David",
family = "Magis",
role = "aut",
comment = "U Liege, Belgium"),
person(given = "Gilles",
family = "Raiche",
role = "aut",
comment = "UQAM, Canada"),
person(given = c("Juan", "Ramon"),
family = "Barrada",
role = "aut",
comment = "U Zaragoza, Spain"),
person(given = "Cheng",
family = "Hua",
role = "cre",
email = "chuabest@gmail.com"))
as necessary.
Flavors: r-devel-linux-x86_64-debian-clang, r-devel-linux-x86_64-debian-gcc
Version: 3.17
Check: examples
Result: NOTE
Examples with CPU (user + system) or elapsed time > 5s
user system elapsed
fullDist 5.102 0.026 8.913
eapEst 3.456 0.065 5.990
Flavor: r-devel-linux-x86_64-debian-clang