Last updated on 2025-04-29 06:49:38 CEST.
Flavor | Version | Tinstall | Tcheck | Ttotal | Status | Flags |
---|---|---|---|---|---|---|
r-devel-linux-x86_64-debian-clang | 0.3.0 | 2.32 | 26.57 | 28.89 | NOTE | |
r-devel-linux-x86_64-debian-gcc | 0.3.0 | 1.64 | 22.87 | 24.51 | NOTE | |
r-devel-linux-x86_64-fedora-clang | 0.3.0 | 47.62 | NOTE | |||
r-devel-linux-x86_64-fedora-gcc | 0.3.0 | 57.41 | NOTE | |||
r-devel-windows-x86_64 | 0.3.0 | 3.00 | 53.00 | 56.00 | NOTE | |
r-patched-linux-x86_64 | 0.3.0 | 2.71 | 25.98 | 28.69 | NOTE | |
r-release-linux-x86_64 | 0.3.0 | 2.06 | 26.06 | 28.12 | NOTE | |
r-release-macos-arm64 | 0.3.0 | 27.00 | NOTE | |||
r-release-macos-x86_64 | 0.3.0 | 45.00 | NOTE | |||
r-release-windows-x86_64 | 0.3.0 | 3.00 | 60.00 | 63.00 | NOTE | |
r-oldrel-macos-arm64 | 0.3.0 | 30.00 | NOTE | |||
r-oldrel-macos-x86_64 | 0.3.0 | 42.00 | NOTE | |||
r-oldrel-windows-x86_64 | 0.3.0 | 4.00 | 55.00 | 59.00 | NOTE |
Version: 0.3.0
Check: package subdirectories
Result: NOTE
Problems with news in ‘NEWS.md’:
Cannot extract version info from the following section titles:
captr .1.4
captr .1.3
captr .1.2
Flavors: r-devel-linux-x86_64-debian-clang, r-devel-linux-x86_64-debian-gcc, r-devel-linux-x86_64-fedora-clang, r-devel-linux-x86_64-fedora-gcc, r-devel-windows-x86_64, r-patched-linux-x86_64, r-release-linux-x86_64, r-release-macos-arm64, r-release-macos-x86_64, r-release-windows-x86_64, r-oldrel-macos-arm64, r-oldrel-macos-x86_64, r-oldrel-windows-x86_64
Version: 0.3.0
Check: CRAN incoming feasibility
Result: NOTE
Maintainer: ‘Gaurav Sood <gsood07@gmail.com>’
Package CITATION file contains call(s) to old-style personList() or
as.personList(). Please use c() on person objects instead.
Package CITATION file contains call(s) to old-style citEntry(). Please
use bibentry() instead.
Flavor: r-devel-linux-x86_64-debian-gcc
Version: 0.3.0
Check: LazyData
Result: NOTE
'LazyData' is specified without a 'data' directory
Flavors: r-oldrel-macos-arm64, r-oldrel-macos-x86_64, r-oldrel-windows-x86_64