Last updated on 2025-11-15 17:48:43 CET.
| Flavor | Version | Tinstall | Tcheck | Ttotal | Status | Flags |
|---|---|---|---|---|---|---|
| r-devel-linux-x86_64-debian-clang | 1.1 | 22.19 | 129.33 | 151.52 | NOTE | |
| r-devel-linux-x86_64-debian-gcc | 1.1 | 13.64 | 86.61 | 100.25 | NOTE | |
| r-devel-linux-x86_64-fedora-clang | 1.1 | 86.00 | 162.84 | 248.84 | OK | |
| r-devel-linux-x86_64-fedora-gcc | 1.1 | 43.00 | 179.64 | 222.64 | OK | |
| r-devel-windows-x86_64 | 1.1 | 26.00 | 114.00 | 140.00 | OK | |
| r-patched-linux-x86_64 | 1.1 | 22.90 | 121.39 | 144.29 | OK | |
| r-release-linux-x86_64 | 1.1 | 20.34 | 121.02 | 141.36 | OK | |
| r-release-macos-arm64 | 1.1 | 10.00 | 53.00 | 63.00 | OK | |
| r-release-macos-x86_64 | 1.1 | 19.00 | 85.00 | 104.00 | OK | |
| r-release-windows-x86_64 | 1.1 | 22.00 | 114.00 | 136.00 | OK | |
| r-oldrel-macos-arm64 | 1.1 | 9.00 | 44.00 | 53.00 | OK | |
| r-oldrel-macos-x86_64 | 1.1 | 31.00 | 130.00 | 161.00 | OK | |
| r-oldrel-windows-x86_64 | 1.1 | 30.00 | 155.00 | 185.00 | OK |
Version: 1.1
Check: CRAN incoming feasibility
Result: NOTE
Maintainer: ‘Yingjie Feng <fengyingjiepku@gmail.com>’
No Authors@R field in DESCRIPTION.
Please add one, modifying
Authors@R: c(person(given = c("Matias", "D."),
family = "Cattaneo",
role = "aut"),
person(given = c("Richard", "K."),
family = "Crump",
role = "aut"),
person(given = c("Max", "H."),
family = "Farrell",
role = "aut"),
person(given = "Yingjie",
family = "Feng",
role = c("aut", "cre"),
email = "fengyingjiepku@gmail.com"))
as necessary.
Flavors: r-devel-linux-x86_64-debian-clang, r-devel-linux-x86_64-debian-gcc