CRAN Package Check Results for Package bestglm

Last updated on 2025-04-29 18:50:37 CEST.

Flavor Version Tinstall Tcheck Ttotal Status Flags
r-devel-linux-x86_64-debian-clang 0.37.3 7.66 70.79 78.45 NOTE
r-devel-linux-x86_64-debian-gcc 0.37.3 6.08 51.29 57.37 NOTE
r-devel-linux-x86_64-fedora-clang 0.37.3 124.97 OK
r-devel-linux-x86_64-fedora-gcc 0.37.3 121.84 OK
r-devel-windows-x86_64 0.37.3 10.00 90.00 100.00 OK
r-patched-linux-x86_64 0.37.3 8.81 67.13 75.94 OK
r-release-linux-x86_64 0.37.3 7.89 67.37 75.26 OK
r-release-macos-arm64 0.37.3 41.00 OK
r-release-macos-x86_64 0.37.3 81.00 OK
r-release-windows-x86_64 0.37.3 9.00 92.00 101.00 OK
r-oldrel-macos-arm64 0.37.3 37.00 OK
r-oldrel-macos-x86_64 0.37.3 60.00 OK
r-oldrel-windows-x86_64 0.37.3 12.00 111.00 123.00 OK

Check Details

Version: 0.37.3
Check: CRAN incoming feasibility
Result: NOTE Maintainer: ‘Yuanhao Lai <ylai72@uwo.ca>’ No Authors@R field in DESCRIPTION. Please add one, modifying Authors@R: c(person(given = "A.I.", family = "McLeod", role = "aut"), person(given = "Changjiang", family = "Xu", role = "aut"), person(given = "Yuanhao", family = "Lai", role = c("aut", "cre"), email = "ylai72@uwo.ca")) as necessary. Flavors: r-devel-linux-x86_64-debian-clang, r-devel-linux-x86_64-debian-gcc