Last updated on 2025-11-04 05:51:05 CET.
| Flavor | Version | Tinstall | Tcheck | Ttotal | Status | Flags | 
|---|---|---|---|---|---|---|
| r-devel-linux-x86_64-debian-clang | 0.37.3 | 7.75 | 72.25 | 80.00 | NOTE | |
| r-devel-linux-x86_64-debian-gcc | 0.37.3 | 5.93 | 53.32 | 59.25 | NOTE | |
| r-devel-linux-x86_64-fedora-clang | 0.37.3 | 35.00 | 96.57 | 131.57 | OK | |
| r-devel-linux-x86_64-fedora-gcc | 0.37.3 | 17.00 | 101.80 | 118.80 | OK | |
| r-devel-windows-x86_64 | 0.37.3 | 11.00 | 89.00 | 100.00 | OK | |
| r-patched-linux-x86_64 | 0.37.3 | 7.70 | 67.68 | 75.38 | OK | |
| r-release-linux-x86_64 | 0.37.3 | 8.15 | 69.65 | 77.80 | OK | |
| r-release-macos-arm64 | 0.37.3 | 5.00 | 36.00 | 41.00 | OK | |
| r-release-macos-x86_64 | 0.37.3 | 8.00 | 73.00 | 81.00 | OK | |
| r-release-windows-x86_64 | 0.37.3 | 11.00 | 87.00 | 98.00 | OK | |
| r-oldrel-macos-arm64 | 0.37.3 | 4.00 | 33.00 | 37.00 | OK | |
| r-oldrel-macos-x86_64 | 0.37.3 | 7.00 | 53.00 | 60.00 | OK | |
| r-oldrel-windows-x86_64 | 0.37.3 | 13.00 | 111.00 | 124.00 | OK | 
Version: 0.37.3
Check: CRAN incoming feasibility
Result: NOTE
  Maintainer: ‘Yuanhao Lai <ylai72@uwo.ca>’
  
  No Authors@R field in DESCRIPTION.
  Please add one, modifying
    Authors@R: c(person(given = "A.I.",
                        family = "McLeod",
                        role = "aut"),
                 person(given = "Changjiang",
                        family = "Xu",
                        role = "aut"),
                 person(given = "Yuanhao",
                        family = "Lai",
                        role = c("aut", "cre"),
                        email = "ylai72@uwo.ca"))
  as necessary.
Flavors: r-devel-linux-x86_64-debian-clang, r-devel-linux-x86_64-debian-gcc