Last updated on 2025-11-04 05:51:05 CET.
| Flavor | Version | Tinstall | Tcheck | Ttotal | Status | Flags | 
|---|---|---|---|---|---|---|
| r-devel-linux-x86_64-debian-clang | 1.0 | 15.06 | 58.87 | 73.93 | NOTE | |
| r-devel-linux-x86_64-debian-gcc | 1.0 | 10.43 | 43.77 | 54.20 | NOTE | |
| r-devel-linux-x86_64-fedora-clang | 1.0 | 61.00 | 66.61 | 127.61 | OK | |
| r-devel-linux-x86_64-fedora-gcc | 1.0 | 37.00 | 76.30 | 113.30 | OK | |
| r-devel-windows-x86_64 | 1.0 | 22.00 | 83.00 | 105.00 | OK | |
| r-patched-linux-x86_64 | 1.0 | 15.50 | 55.37 | 70.87 | OK | |
| r-release-linux-x86_64 | 1.0 | 16.17 | 55.05 | 71.22 | OK | |
| r-release-macos-arm64 | 1.0 | 8.00 | 29.00 | 37.00 | OK | |
| r-release-macos-x86_64 | 1.0 | 12.00 | 40.00 | 52.00 | OK | |
| r-release-windows-x86_64 | 1.0 | 22.00 | 82.00 | 104.00 | OK | |
| r-oldrel-macos-arm64 | 1.0 | 8.00 | 24.00 | 32.00 | OK | |
| r-oldrel-macos-x86_64 | 1.0 | 11.00 | 34.00 | 45.00 | OK | |
| r-oldrel-windows-x86_64 | 1.0 | 25.00 | 104.00 | 129.00 | OK | 
Version: 1.0
Check: CRAN incoming feasibility
Result: NOTE
  Maintainer: ‘Valeriy Zakamulin <valeriz@uia.no>’
  
  No Authors@R field in DESCRIPTION.
  Please add one, modifying
    Authors@R: person(given = "Valeriy",
                      family = "Zakamulin",
                      role = c("aut", "cre"),
                      email = "valeriz@uia.no")
  as necessary.
Flavors: r-devel-linux-x86_64-debian-clang, r-devel-linux-x86_64-debian-gcc