Last updated on 2025-04-30 06:51:12 CEST.
Flavor | Version | Tinstall | Tcheck | Ttotal | Status | Flags |
---|---|---|---|---|---|---|
r-devel-linux-x86_64-debian-clang | 2.1.10 | 2.99 | 26.76 | 29.75 | NOTE | |
r-devel-linux-x86_64-debian-gcc | 2.1.10 | 2.20 | 20.54 | 22.74 | NOTE | |
r-devel-linux-x86_64-fedora-clang | 2.1.10 | 45.73 | OK | |||
r-devel-linux-x86_64-fedora-gcc | 2.1.10 | 44.22 | OK | |||
r-devel-windows-x86_64 | 2.1.10 | 6.00 | 58.00 | 64.00 | OK | |
r-patched-linux-x86_64 | 2.1.10 | 2.64 | 25.76 | 28.40 | OK | |
r-release-linux-x86_64 | 2.1.10 | 2.44 | 25.29 | 27.73 | OK | |
r-release-macos-arm64 | 2.1.10 | 21.00 | OK | |||
r-release-macos-x86_64 | 2.1.10 | 35.00 | OK | |||
r-release-windows-x86_64 | 2.1.10 | 7.00 | 57.00 | 64.00 | OK | |
r-oldrel-macos-arm64 | 2.1.10 | 26.00 | OK | |||
r-oldrel-macos-x86_64 | 2.1.10 | 28.00 | OK | |||
r-oldrel-windows-x86_64 | 2.1.10 | 6.00 | 63.00 | 69.00 | OK |
Version: 2.1.10
Check: CRAN incoming feasibility
Result: NOTE
Maintainer: ‘David Ardia <david.ardia.ch@gmail.com>’
Package CITATION file contains call(s) to old-style personList() or
as.personList(). Please use c() on person objects instead.
Package CITATION file contains call(s) to old-style citEntry(). Please
use bibentry() instead.
Flavors: r-devel-linux-x86_64-debian-clang, r-devel-linux-x86_64-debian-gcc
Version: 2.1.10
Check: examples
Result: NOTE
Examples with CPU (user + system) or elapsed time > 5s
user system elapsed
bayesGARCH 3.84 0.039 5.592
Flavor: r-devel-linux-x86_64-debian-clang