Last updated on 2025-11-04 05:51:05 CET.
| Flavor | Version | Tinstall | Tcheck | Ttotal | Status | Flags | 
|---|---|---|---|---|---|---|
| r-devel-linux-x86_64-debian-clang | 1.2.13 | 563.20 | 345.58 | 908.78 | OK | |
| r-devel-linux-x86_64-debian-gcc | 1.2.13 | 481.70 | 284.79 | 766.49 | OK | |
| r-devel-linux-x86_64-fedora-clang | 1.2.13 | 1680.00 | -253.51 | 1426.49 | OK | |
| r-devel-linux-x86_64-fedora-gcc | 1.2.13 | 900.00 | 555.59 | 1455.59 | OK | |
| r-devel-windows-x86_64 | 1.2.13 | 618.00 | 418.00 | 1036.00 | OK | |
| r-patched-linux-x86_64 | 1.2.13 | 646.44 | 383.73 | 1030.17 | OK | |
| r-release-linux-x86_64 | 1.2.13 | 630.34 | 381.49 | 1011.83 | OK | |
| r-release-macos-arm64 | 1.2.13 | 187.00 | 77.00 | 264.00 | OK | |
| r-release-macos-x86_64 | 1.2.13 | 191.00 | 220.00 | 411.00 | OK | |
| r-release-windows-x86_64 | 1.2.13 | 607.00 | 409.00 | 1016.00 | OK | |
| r-oldrel-macos-arm64 | 1.2.13 | 219.00 | 110.00 | 329.00 | NOTE | |
| r-oldrel-macos-x86_64 | 1.2.13 | 198.00 | 209.00 | 407.00 | NOTE | |
| r-oldrel-windows-x86_64 | 1.2.13 | 681.00 | 540.00 | 1221.00 | NOTE | 
Version: 1.2.13
Check: installed package size
Result: NOTE
    installed size is 103.3Mb
    sub-directories of 1Mb or more:
      doc    1.9Mb
      libs  99.9Mb
Flavors: r-oldrel-macos-arm64, r-oldrel-macos-x86_64, r-oldrel-windows-x86_64
Version: 1.2.13
Check: for GNU extensions in Makefiles
Result: NOTE
  GNU make is a SystemRequirements.
Flavors: r-oldrel-macos-arm64, r-oldrel-macos-x86_64, r-oldrel-windows-x86_64