Last updated on 2025-04-29 06:49:37 CEST.
Flavor | Version | Tinstall | Tcheck | Ttotal | Status | Flags |
---|---|---|---|---|---|---|
r-devel-linux-x86_64-debian-clang | 1.0.0 | 4.46 | 654.06 | 658.52 | OK | |
r-devel-linux-x86_64-debian-gcc | 1.0.0 | 2.60 | 430.09 | 432.69 | NOTE | |
r-devel-linux-x86_64-fedora-clang | 1.0.0 | 1082.67 | OK | |||
r-devel-linux-x86_64-fedora-gcc | 1.0.0 | 1125.79 | OK | |||
r-devel-windows-x86_64 | 1.0.0 | 6.00 | 794.00 | 800.00 | OK | |
r-patched-linux-x86_64 | 1.0.0 | 4.71 | 639.93 | 644.64 | OK | |
r-release-linux-x86_64 | 1.0.0 | 3.25 | 634.22 | 637.47 | OK | |
r-release-macos-arm64 | 1.0.0 | 314.00 | OK | |||
r-release-macos-x86_64 | 1.0.0 | 784.00 | OK | |||
r-release-windows-x86_64 | 1.0.0 | 6.00 | 819.00 | 825.00 | OK | |
r-oldrel-macos-arm64 | 1.0.0 | 263.00 | OK | |||
r-oldrel-macos-x86_64 | 1.0.0 | 480.00 | OK | |||
r-oldrel-windows-x86_64 | 1.0.0 | 7.00 | 1008.00 | 1015.00 | OK |
Version: 1.0.0
Check: DESCRIPTION meta-information
Result: NOTE
Author field differs from that derived from Authors@R
Author: ‘Lukas Baumann [aut, cre] (<https://orcid.org/0000-0001-7931-7470>), Lukas Sauer [ctb] (0000-0002-1340-9994)’
Authors@R: ‘Lukas Baumann [aut, cre] (ORCID: <https://orcid.org/0000-0001-7931-7470>), Lukas Sauer [ctb] (ORIC: 0000-0002-1340-9994)’
Flavor: r-devel-linux-x86_64-debian-gcc
Version: 1.0.0
Check: examples
Result: NOTE
Examples with CPU (user + system) or elapsed time > 5s
user system elapsed
adjust_lambda 4.278 0.027 5.518
Flavor: r-devel-linux-x86_64-debian-gcc