Last updated on 2025-04-29 18:50:37 CEST.
Flavor | Version | Tinstall | Tcheck | Ttotal | Status | Flags |
---|---|---|---|---|---|---|
r-devel-linux-x86_64-debian-clang | 1.0.1 | 7.46 | 60.91 | 68.37 | NOTE | |
r-devel-linux-x86_64-debian-gcc | 1.0.1 | 5.71 | 47.83 | 53.54 | NOTE | |
r-devel-linux-x86_64-fedora-clang | 1.0.1 | 105.32 | OK | |||
r-devel-linux-x86_64-fedora-gcc | 1.0.1 | 101.51 | OK | |||
r-devel-windows-x86_64 | 1.0.1 | 9.00 | 78.00 | 87.00 | OK | |
r-patched-linux-x86_64 | 1.0.1 | 5.79 | 59.08 | 64.87 | OK | |
r-release-linux-x86_64 | 1.0.1 | 6.77 | 58.79 | 65.56 | OK | |
r-release-macos-arm64 | 1.0.1 | 59.00 | OK | |||
r-release-macos-x86_64 | 1.0.1 | 68.00 | OK | |||
r-release-windows-x86_64 | 1.0.1 | 8.00 | 81.00 | 89.00 | OK | |
r-oldrel-macos-arm64 | 1.0.1 | 36.00 | OK | |||
r-oldrel-macos-x86_64 | 1.0.1 | 78.00 | OK | |||
r-oldrel-windows-x86_64 | 1.0.1 | 10.00 | 90.00 | 100.00 | OK |
Version: 1.0.1
Check: CRAN incoming feasibility
Result: NOTE
Maintainer: ‘Chi Wang <chi.wang@uky.edu>’
No Authors@R field in DESCRIPTION.
Please add one, modifying
Authors@R: person(given = "Chi",
family = "Wang",
role = c("aut", "cre"),
email = "chi.wang@uky.edu")
as necessary.
Package CITATION file contains call(s) to old-style personList() or
as.personList(). Please use c() on person objects instead.
Package CITATION file contains call(s) to old-style citEntry(). Please
use bibentry() instead.
Flavors: r-devel-linux-x86_64-debian-clang, r-devel-linux-x86_64-debian-gcc