Last updated on 2025-11-04 05:51:05 CET.
| Flavor | Version | Tinstall | Tcheck | Ttotal | Status | Flags | 
|---|---|---|---|---|---|---|
| r-devel-linux-x86_64-debian-clang | 0.1.4.3 | 8.91 | 139.32 | 148.23 | NOTE | |
| r-devel-linux-x86_64-debian-gcc | 0.1.4.3 | 6.21 | 88.82 | 95.03 | NOTE | |
| r-devel-linux-x86_64-fedora-clang | 0.1.4.3 | 25.00 | 220.28 | 245.28 | OK | |
| r-devel-linux-x86_64-fedora-gcc | 0.1.4.3 | 19.00 | 215.05 | 234.05 | OK | |
| r-devel-windows-x86_64 | 0.1.4.3 | 14.00 | 137.00 | 151.00 | OK | |
| r-patched-linux-x86_64 | 0.1.4.3 | 7.96 | 129.92 | 137.88 | OK | |
| r-release-linux-x86_64 | 0.1.4.3 | 8.25 | 128.90 | 137.15 | OK | |
| r-release-macos-arm64 | 0.1.4.3 | 5.00 | 69.00 | 74.00 | OK | |
| r-release-macos-x86_64 | 0.1.4.3 | 12.00 | 124.00 | 136.00 | OK | |
| r-release-windows-x86_64 | 0.1.4.3 | 16.00 | 133.00 | 149.00 | OK | |
| r-oldrel-macos-arm64 | 0.1.4.3 | 5.00 | 62.00 | 67.00 | OK | |
| r-oldrel-macos-x86_64 | 0.1.4.3 | 7.00 | 88.00 | 95.00 | OK | |
| r-oldrel-windows-x86_64 | 0.1.4.3 | 17.00 | 184.00 | 201.00 | OK | 
Version: 0.1.4.3
Check: CRAN incoming feasibility
Result: NOTE
  Maintainer: ‘Christina Heinze-Deml <heinzedeml@stat.math.ethz.ch>’
  
  No Authors@R field in DESCRIPTION.
  Please add one, modifying
    Authors@R: person(given = "Christina",
                      family = "Heinze-Deml",
                      role = c("aut", "cre"),
                      email = "heinzedeml@stat.math.ethz.ch")
  as necessary.
  
  The Description field contains
    more details, see <arXiv:1506.02494>.
  Please refer to arXiv e-prints via their arXiv DOI <doi:10.48550/arXiv.YYMM.NNNNN>.
Flavors: r-devel-linux-x86_64-debian-clang, r-devel-linux-x86_64-debian-gcc