Last updated on 2025-04-29 18:50:36 CEST.
Flavor | Version | Tinstall | Tcheck | Ttotal | Status | Flags |
---|---|---|---|---|---|---|
r-devel-linux-x86_64-debian-clang | 0.1.2 | 96.30 | 30.58 | 126.88 | NOTE | |
r-devel-linux-x86_64-debian-gcc | 0.1.2 | 74.84 | 23.67 | 98.51 | NOTE | |
r-devel-linux-x86_64-fedora-clang | 0.1.2 | 212.28 | OK | |||
r-devel-linux-x86_64-fedora-gcc | 0.1.2 | 195.66 | OK | |||
r-devel-windows-x86_64 | 0.1.2 | 97.00 | 79.00 | 176.00 | OK | |
r-patched-linux-x86_64 | 0.1.2 | 96.39 | 28.66 | 125.05 | OK | |
r-release-linux-x86_64 | 0.1.2 | 97.36 | 28.03 | 125.39 | OK | |
r-release-macos-arm64 | 0.1.2 | 63.00 | OK | |||
r-release-macos-x86_64 | 0.1.2 | 88.00 | OK | |||
r-release-windows-x86_64 | 0.1.2 | 99.00 | 82.00 | 181.00 | OK | |
r-oldrel-macos-arm64 | 0.1.2 | 62.00 | OK | |||
r-oldrel-macos-x86_64 | 0.1.2 | 106.00 | OK | |||
r-oldrel-windows-x86_64 | 0.1.2 | 108.00 | 93.00 | 201.00 | OK |
Version: 0.1.2
Check: examples
Result: NOTE
Examples with CPU (user + system) or elapsed time > 5s
user system elapsed
get_elements 1.606 0.133 5.419
Flavor: r-devel-linux-x86_64-debian-clang
Version: 0.1.2
Check: examples
Result: NOTE
Examples with CPU (user + system) or elapsed time > 5s
user system elapsed
get_elements 0.919 0.065 6.124
Flavor: r-devel-linux-x86_64-debian-gcc