CRAN Package Check Results for Package autostats

Last updated on 2025-04-29 18:50:36 CEST.

Flavor Version Tinstall Tcheck Ttotal Status Flags
r-devel-linux-x86_64-debian-clang 0.4.1 3.95 106.55 110.50 NOTE
r-devel-linux-x86_64-debian-gcc 0.4.1 2.79 68.70 71.49 OK
r-devel-linux-x86_64-fedora-clang 0.4.1 158.05 NOTE
r-devel-linux-x86_64-fedora-gcc 0.4.1 171.53 NOTE
r-devel-windows-x86_64 0.4.1 7.00 102.00 109.00 OK
r-patched-linux-x86_64 0.4.1 3.65 91.65 95.30 OK
r-release-linux-x86_64 0.4.1 4.27 90.40 94.67 OK
r-release-macos-arm64 0.4.1 46.00 OK
r-release-macos-x86_64 0.4.1 87.00 OK
r-release-windows-x86_64 0.4.1 7.00 101.00 108.00 OK
r-oldrel-macos-arm64 0.4.1 57.00 OK
r-oldrel-macos-x86_64 0.4.1 96.00 OK
r-oldrel-windows-x86_64 0.4.1 9.00 123.00 132.00 OK

Check Details

Version: 0.4.1
Check: examples
Result: NOTE Examples with CPU (user + system) or elapsed time > 5s user system elapsed auto_variable_contributions 5.414 0.282 5.992 Flavor: r-devel-linux-x86_64-debian-clang

Version: 0.4.1
Check: dependencies in R code
Result: NOTE Namespaces in Imports field not imported from: ‘Ckmeans.1d.dp’ ‘broom.mixed’ ‘igraph’ All declared Imports should be used. Flavors: r-devel-linux-x86_64-fedora-clang, r-devel-linux-x86_64-fedora-gcc