Last updated on 2025-04-29 18:50:36 CEST.
Flavor | Version | Tinstall | Tcheck | Ttotal | Status | Flags |
---|---|---|---|---|---|---|
r-devel-linux-x86_64-debian-clang | 0.1-8 | 10.62 | 89.33 | 99.95 | NOTE | |
r-devel-linux-x86_64-debian-gcc | 0.1-8 | 7.92 | 65.28 | 73.20 | NOTE | |
r-devel-linux-x86_64-fedora-clang | 0.1-8 | 167.15 | OK | |||
r-devel-linux-x86_64-fedora-gcc | 0.1-8 | 157.69 | OK | |||
r-devel-windows-x86_64 | 0.1-8 | 11.00 | 95.00 | 106.00 | OK | |
r-patched-linux-x86_64 | 0.1-8 | 10.73 | 83.87 | 94.60 | OK | |
r-release-linux-x86_64 | 0.1-8 | 10.75 | 85.90 | 96.65 | OK | |
r-release-macos-arm64 | 0.1-8 | 52.00 | OK | |||
r-release-macos-x86_64 | 0.1-8 | 103.00 | OK | |||
r-release-windows-x86_64 | 0.1-8 | 11.00 | 101.00 | 112.00 | OK | |
r-oldrel-macos-arm64 | 0.1-8 | 46.00 | OK | |||
r-oldrel-macos-x86_64 | 0.1-8 | 66.00 | OK | |||
r-oldrel-windows-x86_64 | 0.1-8 | 14.00 | 118.00 | 132.00 | OK |
Version: 0.1-8
Check: CRAN incoming feasibility
Result: NOTE
Maintainer: ‘Michael Hahsler <mhahsler@lyle.smu.edu>’
The BugReports field in DESCRIPTION has
https://github.com/mhahsler/arulesNBMiner
which should likely be
https://github.com/mhahsler/arulesNBMiner/issues
instead.
Flavors: r-devel-linux-x86_64-debian-clang, r-devel-linux-x86_64-debian-gcc