Last updated on 2025-11-04 05:51:04 CET.
| Flavor | Version | Tinstall | Tcheck | Ttotal | Status | Flags | 
|---|---|---|---|---|---|---|
| r-devel-linux-x86_64-debian-clang | 1.2-8 | 2.46 | 34.18 | 36.64 | NOTE | |
| r-devel-linux-x86_64-debian-gcc | 1.2-8 | 1.91 | 26.76 | 28.67 | NOTE | |
| r-devel-linux-x86_64-fedora-clang | 1.2-8 | 53.63 | OK | |||
| r-devel-linux-x86_64-fedora-gcc | 1.2-8 | 63.64 | OK | |||
| r-devel-windows-x86_64 | 1.2-8 | 5.00 | 71.00 | 76.00 | OK | |
| r-patched-linux-x86_64 | 1.2-8 | 2.80 | 32.70 | 35.50 | OK | |
| r-release-linux-x86_64 | 1.2-8 | 2.32 | 32.63 | 34.95 | OK | |
| r-release-macos-arm64 | 1.2-8 | 1.00 | 34.00 | 35.00 | OK | |
| r-release-macos-x86_64 | 1.2-8 | 3.00 | 49.00 | 52.00 | OK | |
| r-release-windows-x86_64 | 1.2-8 | 4.00 | 67.00 | 71.00 | OK | |
| r-oldrel-macos-arm64 | 1.2-8 | 1.00 | 25.00 | 26.00 | OK | |
| r-oldrel-macos-x86_64 | 1.2-8 | 2.00 | 38.00 | 40.00 | OK | |
| r-oldrel-windows-x86_64 | 1.2-8 | 4.00 | 77.00 | 81.00 | OK | 
Version: 1.2-8
Check: CRAN incoming feasibility
Result: NOTE
  Maintainer: ‘Robin K. S. Hankin <hankin.robin@gmail.com>’
  
  No Authors@R field in DESCRIPTION.
  Please add one, modifying
    Authors@R: person(given = c("Robin", "K.", "S."),
                      family = "Hankin",
                      role = c("aut", "cre"),
                      email = "hankin.robin@gmail.com")
  as necessary.
Flavors: r-devel-linux-x86_64-debian-clang, r-devel-linux-x86_64-debian-gcc