CRAN Package Check Results for Package abundant

Last updated on 2025-04-29 18:50:36 CEST.

Flavor Version Tinstall Tcheck Ttotal Status Flags
r-devel-linux-x86_64-debian-clang 1.2 2.49 24.15 26.64 NOTE
r-devel-linux-x86_64-debian-gcc 1.2 2.02 17.97 19.99 NOTE
r-devel-linux-x86_64-fedora-clang 1.2 42.33 OK
r-devel-linux-x86_64-fedora-gcc 1.2 41.76 OK
r-devel-windows-x86_64 1.2 6.00 46.00 52.00 OK
r-patched-linux-x86_64 1.2 2.31 23.75 26.06 OK
r-release-linux-x86_64 1.2 2.50 23.57 26.07 OK
r-release-macos-arm64 1.2 19.00 OK
r-release-macos-x86_64 1.2 33.00 OK
r-release-windows-x86_64 1.2 6.00 49.00 55.00 OK
r-oldrel-macos-arm64 1.2 19.00 OK
r-oldrel-macos-x86_64 1.2 25.00 OK
r-oldrel-windows-x86_64 1.2 6.00 45.00 51.00 OK

Check Details

Version: 1.2
Check: CRAN incoming feasibility
Result: NOTE Maintainer: ‘Adam J. Rothman <arothman@umn.edu>’ No Authors@R field in DESCRIPTION. Please add one, modifying Authors@R: person(given = c("Adam", "J."), family = "Rothman", role = c("aut", "cre"), email = "arothman@umn.edu") as necessary. Flavors: r-devel-linux-x86_64-debian-clang, r-devel-linux-x86_64-debian-gcc

Version: 1.2
Check: examples
Result: NOTE Examples with CPU (user + system) or elapsed time > 5s user system elapsed fit.pfc 5.482 0.01 6.133 Flavor: r-devel-linux-x86_64-debian-clang