Last updated on 2025-04-29 06:49:36 CEST.
Flavor | Version | Tinstall | Tcheck | Ttotal | Status | Flags |
---|---|---|---|---|---|---|
r-devel-linux-x86_64-debian-clang | 0.2-8 | 11.79 | 101.09 | 112.88 | OK | |
r-devel-linux-x86_64-debian-gcc | 0.2-8 | 6.87 | 75.02 | 81.89 | NOTE | |
r-devel-linux-x86_64-fedora-clang | 0.2-8 | 171.99 | OK | |||
r-devel-linux-x86_64-fedora-gcc | 0.2-8 | 162.61 | OK | |||
r-devel-windows-x86_64 | 0.2-8 | 16.00 | 155.00 | 171.00 | OK | |
r-patched-linux-x86_64 | 0.2-8 | 13.60 | 99.53 | 113.13 | OK | |
r-release-linux-x86_64 | 0.2-8 | 10.56 | 98.58 | 109.14 | OK | |
r-release-macos-arm64 | 0.2-8 | 51.00 | OK | |||
r-release-macos-x86_64 | 0.2-8 | 79.00 | OK | |||
r-release-windows-x86_64 | 0.2-8 | 14.00 | 154.00 | 168.00 | OK | |
r-oldrel-macos-arm64 | 0.2-8 | 49.00 | OK | |||
r-oldrel-macos-x86_64 | 0.2-8 | 70.00 | OK | |||
r-oldrel-windows-x86_64 | 0.2-8 | 19.00 | 193.00 | 212.00 | OK |
Version: 0.2-8
Check: CRAN incoming feasibility
Result: NOTE
Maintainer: ‘Kevin M. Middleton <middletonk@missouri.edu>’
No Authors@R field in DESCRIPTION.
Please add one, modifying
Authors@R: c(person(given = c("Kevin", "M."),
family = "Middleton",
role = c("aut", "cre"),
email = "middletonk@missouri.edu"),
person(given = "Randall",
family = "Pruim",
role = "aut",
email = "rpruim@calvin.edu"))
as necessary.
Found the following (possibly) invalid file URIs:
URI: middletonk@missouri.edu
From: man/abd-package.Rd
URI: rpruim@calvin.edu
From: man/abd-package.Rd
Flavor: r-devel-linux-x86_64-debian-gcc