Last updated on 2025-04-29 06:50:00 CEST.
Flavor | Version | Tinstall | Tcheck | Ttotal | Status | Flags |
---|---|---|---|---|---|---|
r-devel-linux-x86_64-debian-clang | 1.5.6 | 153.32 | 171.14 | 324.46 | OK | |
r-devel-linux-x86_64-debian-gcc | 1.6 | 125.29 | 104.46 | 229.75 | OK | |
r-devel-linux-x86_64-fedora-clang | 1.6 | 604.69 | OK | |||
r-devel-linux-x86_64-fedora-gcc | 1.6 | 717.50 | OK | |||
r-devel-windows-x86_64 | 1.6 | 184.00 | 180.00 | 364.00 | OK | |
r-patched-linux-x86_64 | 1.5.6 | 168.91 | 165.82 | 334.73 | OK | |
r-release-linux-x86_64 | 1.6 | 173.60 | 162.46 | 336.06 | OK | |
r-release-macos-arm64 | 1.6 | 122.00 | OK | |||
r-release-macos-x86_64 | 1.6 | 231.00 | OK | |||
r-release-windows-x86_64 | 1.6 | 180.00 | 176.00 | 356.00 | OK | |
r-oldrel-macos-arm64 | 1.6 | 142.00 | NOTE | |||
r-oldrel-macos-x86_64 | 1.6 | 210.00 | NOTE | |||
r-oldrel-windows-x86_64 | 1.6 | 131.00 | 212.00 | 343.00 | OK |
Version: 1.6
Check: installed package size
Result: NOTE
installed size is 15.9Mb
sub-directories of 1Mb or more:
doc 2.5Mb
libs 13.2Mb
Flavors: r-oldrel-macos-arm64, r-oldrel-macos-x86_64