CRAN Package Check Results for Package VGAMextra

Last updated on 2025-04-29 18:50:59 CEST.

Flavor Version Tinstall Tcheck Ttotal Status Flags
r-devel-linux-x86_64-debian-clang 0.0-7 14.04 112.38 126.42 NOTE
r-devel-linux-x86_64-debian-gcc 0.0-7 9.58 74.80 84.38 OK
r-devel-linux-x86_64-fedora-clang 0.0-7 198.75 OK
r-devel-linux-x86_64-fedora-gcc 0.0-7 187.52 OK
r-devel-windows-x86_64 0.0-7 13.00 140.00 153.00 OK
r-patched-linux-x86_64 0.0-7 17.49 105.30 122.79 OK
r-release-linux-x86_64 0.0-7 12.67 105.94 118.61 OK
r-release-macos-arm64 0.0-7 48.00 OK
r-release-macos-x86_64 0.0-7 103.00 OK
r-release-windows-x86_64 0.0-7 15.00 140.00 155.00 OK
r-oldrel-macos-arm64 0.0-7 50.00 OK
r-oldrel-macos-x86_64 0.0-7 112.00 OK
r-oldrel-windows-x86_64 0.0-7 13.00 165.00 178.00 OK

Check Details

Version: 0.0-7
Check: examples
Result: NOTE Examples with CPU (user + system) or elapsed time > 5s user system elapsed trinormalCovff 5.232 0.03 5.275 Flavor: r-devel-linux-x86_64-debian-clang