CRAN Package Check Results for Package UCSCXenaShiny

Last updated on 2025-04-29 18:50:58 CEST.

Flavor Version Tinstall Tcheck Ttotal Status Flags
r-devel-linux-x86_64-debian-clang 2.1.0 14.76 99.33 114.09 OK
r-devel-linux-x86_64-debian-gcc 2.1.0 9.48 68.20 77.68 OK
r-devel-linux-x86_64-fedora-clang 2.1.0 180.34 OK
r-devel-linux-x86_64-fedora-gcc 2.1.0 184.19 OK
r-devel-windows-x86_64 2.1.0 18.00 116.00 134.00 OK
r-patched-linux-x86_64 2.1.0 13.16 88.08 101.24 OK
r-release-linux-x86_64 2.1.0 13.08 86.89 99.97 OK
r-release-macos-arm64 2.1.0 59.00 OK
r-release-macos-x86_64 2.1.0 96.00 OK
r-release-windows-x86_64 2.1.0 21.00 113.00 134.00 OK
r-oldrel-macos-arm64 2.1.0 37.00 NOTE
r-oldrel-macos-x86_64 2.1.0 76.00 NOTE
r-oldrel-windows-x86_64 2.1.0 26.00 298.00 324.00 NOTE

Check Details

Version: 2.1.0
Check: installed package size
Result: NOTE installed size is 7.9Mb sub-directories of 1Mb or more: data 1.1Mb doc 1.4Mb shinyapp 4.9Mb Flavors: r-oldrel-macos-arm64, r-oldrel-macos-x86_64, r-oldrel-windows-x86_64