CRAN Package Check Results for Package TiPS

Last updated on 2025-04-29 18:50:58 CEST.

Flavor Version Tinstall Tcheck Ttotal Status Flags
r-devel-linux-x86_64-debian-clang 1.2.3 30.30 312.39 342.69 OK
r-devel-linux-x86_64-debian-gcc 1.2.3 22.81 209.74 232.55 OK
r-devel-linux-x86_64-fedora-clang 1.2.3 518.17 OK
r-devel-linux-x86_64-fedora-gcc 1.2.3 528.90 OK
r-devel-windows-x86_64 1.2.3 38.00 392.00 430.00 OK
r-patched-linux-x86_64 1.2.3 32.40 291.51 323.91 OK
r-release-linux-x86_64 1.2.3 32.27 292.86 325.13 OK
r-release-macos-arm64 1.2.3 201.00 OK
r-release-macos-x86_64 1.2.3 383.00 OK
r-release-windows-x86_64 1.2.3 39.00 391.00 430.00 OK
r-oldrel-macos-arm64 1.2.3 165.00 NOTE
r-oldrel-macos-x86_64 1.2.3 264.00 NOTE
r-oldrel-windows-x86_64 1.2.3 43.00 489.00 532.00 OK

Check Details

Version: 1.2.3
Check: installed package size
Result: NOTE installed size is 5.8Mb sub-directories of 1Mb or more: doc 1.7Mb libs 3.5Mb Flavors: r-oldrel-macos-arm64, r-oldrel-macos-x86_64