Last updated on 2025-04-29 18:50:57 CEST.
Flavor | Version | Tinstall | Tcheck | Ttotal | Status | Flags |
---|---|---|---|---|---|---|
r-devel-linux-x86_64-debian-clang | 1.1 | 5.54 | 46.22 | 51.76 | NOTE | |
r-devel-linux-x86_64-debian-gcc | 1.1 | 3.55 | 33.42 | 36.97 | NOTE | |
r-devel-linux-x86_64-fedora-clang | 1.1 | 70.85 | OK | |||
r-devel-linux-x86_64-fedora-gcc | 1.1 | 67.25 | OK | |||
r-devel-windows-x86_64 | 1.1 | 6.00 | 61.00 | 67.00 | OK | |
r-patched-linux-x86_64 | 1.1 | 5.12 | 43.74 | 48.86 | OK | |
r-release-linux-x86_64 | 1.1 | 5.50 | 43.54 | 49.04 | OK | |
r-release-macos-arm64 | 1.1 | 27.00 | OK | |||
r-release-macos-x86_64 | 1.1 | 41.00 | OK | |||
r-release-windows-x86_64 | 1.1 | 7.00 | 72.00 | 79.00 | OK | |
r-oldrel-macos-arm64 | 1.1 | 23.00 | NOTE | |||
r-oldrel-macos-x86_64 | 1.1 | 36.00 | NOTE | |||
r-oldrel-windows-x86_64 | 1.1 | 8.00 | 73.00 | 81.00 | NOTE |
Version: 1.1
Check: CRAN incoming feasibility
Result: NOTE
Maintainer: ‘Kathrin Moellenhoff <kathrin.moellenhoff@rub.de>’
No Authors@R field in DESCRIPTION.
Please add one, modifying
Authors@R: person(given = "Kathrin",
family = "Moellenhoff",
role = c("aut", "cre"),
email = "kathrin.moellenhoff@rub.de")
as necessary.
Found the following URLs which should use \doi (with the DOI name only):
File ‘bootstrap_test.Rd’:
https://doi.org/10.1080/01621459.2017.1281813
Flavors: r-devel-linux-x86_64-debian-clang, r-devel-linux-x86_64-debian-gcc
Version: 1.1
Check: LazyData
Result: NOTE
'LazyData' is specified without a 'data' directory
Flavors: r-oldrel-macos-arm64, r-oldrel-macos-x86_64, r-oldrel-windows-x86_64