Last updated on 2025-04-29 18:50:56 CEST.
Flavor | Version | Tinstall | Tcheck | Ttotal | Status | Flags |
---|---|---|---|---|---|---|
r-devel-linux-x86_64-debian-clang | 2.6.0 | 22.66 | 24.93 | 47.59 | NOTE | |
r-devel-linux-x86_64-debian-gcc | 2.6.0 | 15.07 | 20.12 | 35.19 | NOTE | |
r-devel-linux-x86_64-fedora-clang | 2.6.0 | 85.09 | NOTE | |||
r-devel-linux-x86_64-fedora-gcc | 2.6.0 | 77.15 | NOTE | |||
r-devel-windows-x86_64 | 2.6.0 | 24.00 | 64.00 | 88.00 | NOTE | |
r-patched-linux-x86_64 | 2.6.0 | 21.35 | 23.68 | 45.03 | NOTE | |
r-release-linux-x86_64 | 2.6.0 | 21.06 | 23.73 | 44.79 | NOTE | |
r-release-macos-arm64 | 2.6.0 | 27.00 | NOTE | |||
r-release-macos-x86_64 | 2.6.0 | 35.00 | NOTE | |||
r-release-windows-x86_64 | 2.6.0 | 27.00 | 71.00 | 98.00 | NOTE | |
r-oldrel-macos-arm64 | 2.6.0 | 26.00 | NOTE | |||
r-oldrel-macos-x86_64 | 2.6.0 | 34.00 | NOTE | |||
r-oldrel-windows-x86_64 | 2.6.0 | 28.00 | 99.00 | 127.00 | NOTE |
Version: 2.6.0
Check: CRAN incoming feasibility
Result: NOTE
Maintainer: ‘Chu-Lan Michael Kao <chulankao@gmail.com>’
No Authors@R field in DESCRIPTION.
Please add one, modifying
Authors@R: c(person(given = "Chao",
family = "Du",
role = "aut"),
person(given = c("Chu-Lan", "Michael"),
family = "Kao",
role = c("aut", "cre"),
email = "chulankao@gmail.com"),
person(given = "Samuel",
family = "Kou",
role = "aut"))
as necessary.
Flavors: r-devel-linux-x86_64-debian-clang, r-devel-linux-x86_64-debian-gcc
Version: 2.6.0
Check: C++ specification
Result: NOTE
Specified C++11: please drop specification unless essential
Flavors: r-devel-linux-x86_64-debian-clang, r-devel-linux-x86_64-debian-gcc, r-devel-linux-x86_64-fedora-clang, r-devel-linux-x86_64-fedora-gcc, r-devel-windows-x86_64, r-patched-linux-x86_64, r-release-linux-x86_64, r-release-macos-arm64, r-release-macos-x86_64, r-release-windows-x86_64, r-oldrel-macos-arm64, r-oldrel-macos-x86_64, r-oldrel-windows-x86_64