Last updated on 2025-04-28 18:50:23 CEST.
Flavor | Version | Tinstall | Tcheck | Ttotal | Status | Flags |
---|---|---|---|---|---|---|
r-devel-linux-x86_64-debian-clang | 0.0.6 | 7.02 | 68.61 | 75.63 | OK | |
r-devel-linux-x86_64-debian-gcc | 0.0.6 | 5.75 | 50.18 | 55.93 | NOTE | |
r-devel-linux-x86_64-fedora-clang | 0.0.6 | 117.93 | OK | |||
r-devel-linux-x86_64-fedora-gcc | 0.0.6 | 112.74 | OK | |||
r-devel-windows-x86_64 | 0.0.6 | 10.00 | 90.00 | 100.00 | OK | |
r-patched-linux-x86_64 | 0.0.6 | 7.09 | 70.01 | 77.10 | OK | |
r-release-linux-x86_64 | 0.0.6 | 7.87 | 69.45 | 77.32 | OK | |
r-release-macos-arm64 | 0.0.6 | 43.00 | OK | |||
r-release-macos-x86_64 | 0.0.6 | 64.00 | OK | |||
r-release-windows-x86_64 | 0.0.6 | 10.00 | 89.00 | 99.00 | OK | |
r-oldrel-macos-arm64 | 0.0.6 | 38.00 | OK | |||
r-oldrel-macos-x86_64 | 0.0.6 | 60.00 | OK | |||
r-oldrel-windows-x86_64 | 0.0.6 | 11.00 | 110.00 | 121.00 | OK |
Version: 0.0.6
Check: CRAN incoming feasibility
Result: NOTE
Maintainer: ‘Hossein Azari Soufiani <azari.hossein@gmail.com>’
No Authors@R field in DESCRIPTION.
Please add one, modifying
Authors@R: c(person(given = c("Hossein", "Azari"),
family = "Soufiani",
role = c("aut", "cre"),
email = "azari.hossein@gmail.com"),
person(given = "William",
family = "Chen",
role = "aut"))
as necessary.
Flavor: r-devel-linux-x86_64-debian-gcc