Last updated on 2025-11-04 05:51:27 CET.
| Flavor | Version | Tinstall | Tcheck | Ttotal | Status | Flags | 
|---|---|---|---|---|---|---|
| r-devel-linux-x86_64-debian-clang | 1.6.3 | 14.46 | 112.60 | 127.06 | NOTE | |
| r-devel-linux-x86_64-debian-gcc | 1.6.3 | 11.14 | 84.59 | 95.73 | NOTE | |
| r-devel-linux-x86_64-fedora-clang | 1.6.3 | 33.00 | 161.25 | 194.25 | NOTE | |
| r-devel-linux-x86_64-fedora-gcc | 1.6.3 | 28.00 | 156.29 | 184.29 | NOTE | |
| r-devel-windows-x86_64 | 1.6.3 | 18.00 | 117.00 | 135.00 | NOTE | |
| r-patched-linux-x86_64 | 1.6.3 | 14.02 | 105.75 | 119.77 | NOTE | |
| r-release-linux-x86_64 | 1.6.3 | 13.03 | 105.72 | 118.75 | NOTE | |
| r-release-macos-arm64 | 1.6.3 | 6.00 | 49.00 | 55.00 | NOTE | |
| r-release-macos-x86_64 | 1.6.3 | 11.00 | 82.00 | 93.00 | NOTE | |
| r-release-windows-x86_64 | 1.6.3 | 15.00 | 116.00 | 131.00 | NOTE | |
| r-oldrel-macos-arm64 | 1.6.3 | 6.00 | 43.00 | 49.00 | NOTE | |
| r-oldrel-macos-x86_64 | 1.6.3 | 9.00 | 70.00 | 79.00 | NOTE | |
| r-oldrel-windows-x86_64 | 1.6.3 | 21.00 | 148.00 | 169.00 | NOTE | 
Version: 1.6.3
Check: CRAN incoming feasibility
Result: NOTE
  Maintainer: ‘LW Pembleton <lwpembleton@gmail.com>’
  
  No Authors@R field in DESCRIPTION.
  Please add one, modifying
    Authors@R: person(given = "LW",
                      family = "Pembleton",
                      role = c("aut", "cre"),
                      email = "lwpembleton@gmail.com")
  as necessary.
  
  Package CITATION file contains call(s) to old-style citEntry().  Please
  use bibentry() instead.
Flavors: r-devel-linux-x86_64-debian-clang, r-devel-linux-x86_64-debian-gcc
Version: 1.6.3
Check: Rd files
Result: NOTE
  checkRd: (-1) stamppFst.Rd:20: Lost braces
      20 | \code{Fsts}{a matrix of pairwise Fst values between populations}
         |            ^
  checkRd: (-1) stamppFst.Rd:21: Lost braces
      21 | \code{Pvalues}{a matrix of p-values for each of the pairwise Fst values containined in the 'Fsts' matrix}
         |               ^
  checkRd: (-1) stamppFst.Rd:22: Lost braces
      22 | \code{Bootstraps}{a dataframe of each Fst value generated during Bootstrapping and the associated confidence intervals}
         |                  ^
Flavors: r-devel-linux-x86_64-debian-clang, r-devel-linux-x86_64-debian-gcc, r-devel-linux-x86_64-fedora-clang, r-devel-linux-x86_64-fedora-gcc, r-devel-windows-x86_64, r-patched-linux-x86_64, r-release-linux-x86_64, r-release-macos-arm64, r-release-macos-x86_64, r-release-windows-x86_64, r-oldrel-macos-arm64, r-oldrel-macos-x86_64, r-oldrel-windows-x86_64