Last updated on 2025-04-29 18:50:56 CEST.
Flavor | Version | Tinstall | Tcheck | Ttotal | Status | Flags |
---|---|---|---|---|---|---|
r-devel-linux-x86_64-debian-clang | 1.0.0 | 2.79 | 130.41 | 133.20 | NOTE | |
r-devel-linux-x86_64-debian-gcc | 1.0.0 | 2.69 | 89.57 | 92.26 | NOTE | |
r-devel-linux-x86_64-fedora-clang | 1.0.0 | 211.56 | OK | |||
r-devel-linux-x86_64-fedora-gcc | 1.0.0 | 231.73 | OK | |||
r-devel-windows-x86_64 | 1.0.0 | 5.00 | 183.00 | 188.00 | OK | |
r-patched-linux-x86_64 | 1.0.0 | 3.58 | 123.86 | 127.44 | OK | |
r-release-linux-x86_64 | 1.0.0 | 3.31 | 125.72 | 129.03 | OK | |
r-release-macos-arm64 | 1.0.0 | 61.00 | OK | |||
r-release-macos-x86_64 | 1.0.0 | 128.00 | OK | |||
r-release-windows-x86_64 | 1.0.0 | 5.00 | 186.00 | 191.00 | OK | |
r-oldrel-macos-arm64 | 1.0.0 | 57.00 | OK | |||
r-oldrel-macos-x86_64 | 1.0.0 | 95.00 | OK | |||
r-oldrel-windows-x86_64 | 1.0.0 | 6.00 | 206.00 | 212.00 | OK |
Version: 1.0.0
Check: examples
Result: NOTE
Examples with CPU (user + system) or elapsed time > 5s
user system elapsed
par.sens 6.931 0.028 9.040
par.opt 6.908 0.012 7.999
Flavor: r-devel-linux-x86_64-debian-clang
Version: 1.0.0
Check: examples
Result: NOTE
Examples with CPU (user + system) or elapsed time > 5s
user system elapsed
par.sens 4.275 0.008 5.533
par.opt 4.253 0.003 5.440
Flavor: r-devel-linux-x86_64-debian-gcc