Last updated on 2025-04-29 06:49:56 CEST.
Flavor | Version | Tinstall | Tcheck | Ttotal | Status | Flags |
---|---|---|---|---|---|---|
r-devel-linux-x86_64-debian-clang | 1.0.1 | 41.20 | 113.15 | 154.35 | OK | |
r-devel-linux-x86_64-debian-gcc | 1.0.1 | 30.34 | 86.14 | 116.48 | NOTE | |
r-devel-linux-x86_64-fedora-clang | 1.0.1 | 258.26 | OK | |||
r-devel-linux-x86_64-fedora-gcc | 1.0.1 | 280.58 | OK | |||
r-devel-windows-x86_64 | 1.0.1 | 50.00 | 149.00 | 199.00 | OK | |
r-patched-linux-x86_64 | 1.0.1 | 41.44 | 114.36 | 155.80 | OK | |
r-release-linux-x86_64 | 1.0.1 | 41.51 | 114.38 | 155.89 | OK | |
r-release-macos-arm64 | 1.0.1 | 72.00 | OK | |||
r-release-macos-x86_64 | 1.0.1 | 129.00 | OK | |||
r-release-windows-x86_64 | 1.0.1 | 46.00 | 157.00 | 203.00 | OK | |
r-oldrel-macos-arm64 | 1.0.1 | 70.00 | NOTE | |||
r-oldrel-macos-x86_64 | 1.0.1 | 110.00 | NOTE | |||
r-oldrel-windows-x86_64 | 1.0.1 | 60.00 | 186.00 | 246.00 | OK |
Version: 1.0.1
Check: CRAN incoming feasibility
Result: NOTE
Maintainer: ‘Antonio R. Linero <antonio.linero@austin.utexas.edu>’
Package CITATION file contains call(s) to old-style citEntry(). Please
use bibentry() instead.
Flavor: r-devel-linux-x86_64-debian-gcc
Version: 1.0.1
Check: installed package size
Result: NOTE
installed size is 5.3Mb
sub-directories of 1Mb or more:
libs 4.4Mb
Flavors: r-oldrel-macos-arm64, r-oldrel-macos-x86_64