CRAN Package Check Results for Package SmoothHazard

Last updated on 2025-04-29 18:50:55 CEST.

Flavor Version Tinstall Tcheck Ttotal Status Flags
r-devel-linux-x86_64-debian-clang 2024.04.10 22.71 79.81 102.52 NOTE
r-devel-linux-x86_64-debian-gcc 2024.04.10 14.56 56.11 70.67 NOTE
r-devel-linux-x86_64-fedora-clang 2024.04.10 163.98 OK
r-devel-linux-x86_64-fedora-gcc 2024.04.10 158.26 OK
r-devel-windows-x86_64 2024.04.10 29.00 97.00 126.00 NOTE
r-patched-linux-x86_64 2024.04.10 19.18 73.32 92.50 NOTE
r-release-linux-x86_64 2024.04.10 19.36 73.82 93.18 NOTE
r-release-macos-arm64 2024.04.10 66.00 OK
r-release-macos-x86_64 2024.04.10 84.00 OK
r-release-windows-x86_64 2024.04.10 30.00 100.00 130.00 NOTE
r-oldrel-macos-arm64 2024.04.10 48.00 OK
r-oldrel-macos-x86_64 2024.04.10 67.00 OK
r-oldrel-windows-x86_64 2024.04.10 34.00 122.00 156.00 OK

Check Details

Version: 2024.04.10
Check: Rd cross-references
Result: NOTE Found the following Rd file(s) with Rd \link{} targets missing package anchors: plot.idm.Rd: SmartControl Please provide package anchors for all Rd \link{} targets not in the package itself and the base packages. Flavors: r-devel-linux-x86_64-debian-clang, r-devel-linux-x86_64-debian-gcc, r-devel-windows-x86_64, r-patched-linux-x86_64, r-release-linux-x86_64, r-release-windows-x86_64