Last updated on 2025-04-29 06:49:56 CEST.
Flavor | Version | Tinstall | Tcheck | Ttotal | Status | Flags |
---|---|---|---|---|---|---|
r-devel-linux-x86_64-debian-clang | 1.0-6 | 4.67 | 237.62 | 242.29 | OK | |
r-devel-linux-x86_64-debian-gcc | 1.0-6 | 3.19 | 177.15 | 180.34 | NOTE | |
r-devel-linux-x86_64-fedora-clang | 1.0-6 | 379.53 | OK | |||
r-devel-linux-x86_64-fedora-gcc | 1.0-6 | 395.47 | OK | |||
r-devel-windows-x86_64 | 1.0-6 | 8.00 | 443.00 | 451.00 | OK | |
r-patched-linux-x86_64 | 1.0-6 | 7.52 | 231.64 | 239.16 | OK | |
r-release-linux-x86_64 | 1.0-6 | 4.71 | 229.76 | 234.47 | OK | |
r-release-macos-arm64 | 1.0-6 | 146.00 | OK | |||
r-release-macos-x86_64 | 1.0-6 | 315.00 | OK | |||
r-release-windows-x86_64 | 1.0-6 | 7.00 | 443.00 | 450.00 | OK | |
r-oldrel-macos-arm64 | 1.0-6 | 120.00 | NOTE | |||
r-oldrel-macos-x86_64 | 1.0-6 | 349.00 | NOTE | |||
r-oldrel-windows-x86_64 | 1.0-6 | 10.00 | 486.00 | 496.00 | NOTE |
Version: 1.0-6
Check: CRAN incoming feasibility
Result: NOTE
Maintainer: ‘Berwin A Turlach <Berwin.Turlach@gmail.com>’
No Authors@R field in DESCRIPTION.
Please add one, modifying
Authors@R: c(person(given = c("Original", "by", "F.L."),
family = "Ramsey",
role = "aut"),
person(given = c("D.W.", "Schafer;", "modifications", "by", "Daniel", "W."),
family = "Schafer",
role = "aut"),
person(given = "Jeannie",
family = "Sifneos",
role = "aut"),
person(given = c("Berwin", "A.", "Turlach;", "vignettes", "contributed", "by", "Nicholas"),
family = "Horton",
role = "aut"),
person(given = "Linda",
family = "Loi",
role = "aut"),
person(given = "Kate",
family = "Aloisio",
role = "aut"),
person(given = "Ruobing",
family = "Zhang",
role = "aut"),
person(given = c("with", "corrections", "by", "Randall"),
family = "Pruim",
role = "aut"),
person(given = c("Berwin", "A"),
family = "Turlach",
role = "cre",
email = "Berwin.Turlach@gmail.com"))
as necessary.
Flavor: r-devel-linux-x86_64-debian-gcc
Version: 1.0-6
Check: installed package size
Result: NOTE
installed size is 5.9Mb
sub-directories of 1Mb or more:
doc 4.5Mb
Flavors: r-oldrel-macos-arm64, r-oldrel-macos-x86_64, r-oldrel-windows-x86_64