CRAN Package Check Results for Package SleepCycles

Last updated on 2025-04-29 18:50:55 CEST.

Flavor Version Tinstall Tcheck Ttotal Status Flags
r-devel-linux-x86_64-debian-clang 1.1.4 7.78 58.19 65.97 NOTE
r-devel-linux-x86_64-debian-gcc 1.1.4 4.47 40.80 45.27 NOTE
r-devel-linux-x86_64-fedora-clang 1.1.4 89.96 OK
r-devel-linux-x86_64-fedora-gcc 1.1.4 103.63 OK
r-devel-windows-x86_64 1.1.4 9.00 67.00 76.00 OK
r-patched-linux-x86_64 1.1.4 7.17 52.69 59.86 OK
r-release-linux-x86_64 1.1.4 6.33 52.42 58.75 OK
r-release-macos-arm64 1.1.4 42.00 OK
r-release-macos-x86_64 1.1.4 66.00 OK
r-release-windows-x86_64 1.1.4 9.00 69.00 78.00 OK
r-oldrel-macos-arm64 1.1.4 35.00 OK
r-oldrel-macos-x86_64 1.1.4 67.00 OK
r-oldrel-windows-x86_64 1.1.4 11.00 82.00 93.00 OK

Check Details

Version: 1.1.4
Check: CRAN incoming feasibility
Result: NOTE Maintainer: ‘Christine Blume <christine.blume@sbg.ac.at>’ Package CITATION file contains call(s) to old-style citEntry(). Please use bibentry() instead. Flavors: r-devel-linux-x86_64-debian-clang, r-devel-linux-x86_64-debian-gcc