CRAN Package Check Results for Package SimSurvey

Last updated on 2025-07-24 06:49:40 CEST.

Flavor Version Tinstall Tcheck Ttotal Status Flags
r-devel-linux-x86_64-debian-clang 0.1.6 10.94 95.37 106.31 NOTE
r-devel-linux-x86_64-debian-gcc 0.1.6 7.96 65.62 73.58 NOTE
r-devel-linux-x86_64-fedora-clang 0.1.6 164.52 OK
r-devel-linux-x86_64-fedora-gcc 0.1.6 171.49 OK
r-devel-windows-x86_64 0.1.6 12.00 100.00 112.00 NOTE
r-patched-linux-x86_64 0.1.6 12.64 86.69 99.33 NOTE
r-release-linux-x86_64 0.1.6 10.41 87.61 98.02 NOTE
r-release-macos-arm64 0.1.6 56.00 OK
r-release-macos-x86_64 0.1.6 101.00 OK
r-release-windows-x86_64 0.1.6 12.00 101.00 113.00 NOTE
r-oldrel-macos-arm64 0.1.6 51.00 NOTE
r-oldrel-macos-x86_64 0.1.6 75.00 NOTE
r-oldrel-windows-x86_64 0.1.6 17.00 128.00 145.00 OK

Check Details

Version: 0.1.6
Check: Rd cross-references
Result: NOTE Found the following Rd file(s) with Rd \link{} targets missing package anchors: land.Rd: getData Please provide package anchors for all Rd \link{} targets not in the package itself and the base packages. Flavors: r-devel-linux-x86_64-debian-clang, r-devel-linux-x86_64-debian-gcc, r-devel-windows-x86_64, r-patched-linux-x86_64, r-release-linux-x86_64, r-release-windows-x86_64

Version: 0.1.6
Check: package dependencies
Result: NOTE Package suggested but not available for checking: ‘INLA’ Flavors: r-oldrel-macos-arm64, r-oldrel-macos-x86_64