Last updated on 2025-11-04 05:51:24 CET.
| Flavor | Version | Tinstall | Tcheck | Ttotal | Status | Flags | 
|---|---|---|---|---|---|---|
| r-devel-linux-x86_64-debian-clang | 0.2.8 | 16.41 | 353.90 | 370.31 | OK | |
| r-devel-linux-x86_64-debian-gcc | 0.2.8 | 9.65 | 213.86 | 223.51 | OK | |
| r-devel-linux-x86_64-fedora-clang | 0.2.8 | 35.00 | 536.27 | 571.27 | OK | |
| r-devel-linux-x86_64-fedora-gcc | 0.2.8 | 50.00 | 534.82 | 584.82 | OK | |
| r-devel-windows-x86_64 | 0.2.8 | 24.00 | 361.00 | 385.00 | OK | |
| r-patched-linux-x86_64 | 0.2.8 | 18.76 | 333.39 | 352.15 | OK | |
| r-release-linux-x86_64 | 0.2.8 | 14.80 | 318.05 | 332.85 | OK | |
| r-release-macos-arm64 | 0.2.8 | 7.00 | 117.00 | 124.00 | OK | |
| r-release-macos-x86_64 | 0.2.8 | 15.00 | 371.00 | 386.00 | OK | |
| r-release-windows-x86_64 | 0.2.8 | 24.00 | 357.00 | 381.00 | OK | |
| r-oldrel-macos-arm64 | 0.2.8 | 7.00 | 129.00 | 136.00 | NOTE | |
| r-oldrel-macos-x86_64 | 0.2.8 | 15.00 | 370.00 | 385.00 | NOTE | |
| r-oldrel-windows-x86_64 | 0.2.8 | 31.00 | 484.00 | 515.00 | NOTE | 
Version: 0.2.8
Check: installed package size
Result: NOTE
    installed size is 10.1Mb
    sub-directories of 1Mb or more:
      css_data   8.7Mb
Flavors: r-oldrel-macos-arm64, r-oldrel-macos-x86_64, r-oldrel-windows-x86_64