Last updated on 2025-04-29 18:50:56 CEST.
Flavor | Version | Tinstall | Tcheck | Ttotal | Status | Flags |
---|---|---|---|---|---|---|
r-devel-linux-x86_64-debian-clang | 1.0 | 9.96 | 24.72 | 34.68 | NOTE | |
r-devel-linux-x86_64-debian-gcc | 1.0 | 6.82 | 19.74 | 26.56 | NOTE | |
r-devel-linux-x86_64-fedora-clang | 1.0 | 59.56 | OK | |||
r-devel-linux-x86_64-fedora-gcc | 1.0 | 59.01 | OK | |||
r-devel-windows-x86_64 | 1.0 | 14.00 | 63.00 | 77.00 | OK | |
r-patched-linux-x86_64 | 1.0 | 9.04 | 24.18 | 33.22 | OK | |
r-release-linux-x86_64 | 1.0 | 9.26 | 23.90 | 33.16 | OK | |
r-release-macos-arm64 | 1.0 | 22.00 | OK | |||
r-release-macos-x86_64 | 1.0 | 34.00 | OK | |||
r-release-windows-x86_64 | 1.0 | 15.00 | 77.00 | 92.00 | OK | |
r-oldrel-macos-arm64 | 1.0 | 21.00 | OK | |||
r-oldrel-macos-x86_64 | 1.0 | 29.00 | OK | |||
r-oldrel-windows-x86_64 | 1.0 | 16.00 | 99.00 | 115.00 | OK |
Version: 1.0
Check: CRAN incoming feasibility
Result: NOTE
Maintainer: ‘Haolun Shi <shl2003@connect.hku.hk>’
No Authors@R field in DESCRIPTION.
Please add one, modifying
Authors@R: c(person(given = "Haolun",
family = "Shi",
role = c("aut", "cre"),
email = "shl2003@connect.hku.hk"),
person(given = "Guosheng",
family = "Yin",
role = "aut"))
as necessary.
Flavors: r-devel-linux-x86_64-debian-clang, r-devel-linux-x86_64-debian-gcc